CRAN Package Check Results for Package BayesSummaryStatLM

Last updated on 2017-11-20 22:53:01 CET.

Flavor Version Tinstall Tcheck Ttotal Status Flags
r-devel-linux-x86_64-debian-clang 1.0-1 0.99 18.37 19.36 NOTE
r-devel-linux-x86_64-debian-gcc 1.0-1 1.16 51.42 52.58 NOTE
r-devel-linux-x86_64-fedora-clang 1.0-1 33.04 NOTE
r-devel-linux-x86_64-fedora-gcc 1.0-1 68.18 NOTE
r-devel-windows-ix86+x86_64 1.0-1 7.00 40.00 47.00 NOTE
r-patched-linux-x86_64 1.0-1 1.09 19.69 20.78 NOTE
r-patched-solaris-x86 1.0-1 55.30 NOTE
r-release-linux-x86_64 1.0-1 1.14 20.18 21.32 NOTE
r-release-windows-ix86+x86_64 1.0-1 4.00 42.00 46.00 NOTE
r-release-osx-x86_64 1.0-1 NOTE
r-oldrel-windows-ix86+x86_64 1.0-1 3.00 52.00 55.00 NOTE
r-oldrel-osx-x86_64 1.0-1 NOTE

Check Details

Version: 1.0-1
Check: R code for possible problems
Result: NOTE
    bayes.regress: no visible binding for global variable ‘var’
    bayesregressB1S1: no visible global function definition for ‘rgamma’
    bayesregressB1S2: no visible global function definition for ‘rgamma’
    bayesregressB2S1: no visible global function definition for ‘rgamma’
    bayesregressB2S2: no visible global function definition for ‘rgamma’
    bayesregressB3S1: no visible global function definition for ‘rWishart’
    bayesregressB3S1: no visible global function definition for ‘rgamma’
    bayesregressB3S2: no visible global function definition for ‘rWishart’
    bayesregressB3S2: no visible global function definition for ‘rgamma’
    Undefined global functions or variables:
     rWishart rgamma var
    Consider adding
     importFrom("stats", "rWishart", "rgamma", "var")
    to your NAMESPACE file.
Flavors: r-devel-linux-x86_64-debian-clang, r-devel-linux-x86_64-debian-gcc, r-devel-linux-x86_64-fedora-clang, r-devel-linux-x86_64-fedora-gcc, r-devel-windows-ix86+x86_64, r-patched-linux-x86_64, r-patched-solaris-x86, r-release-linux-x86_64, r-release-windows-ix86+x86_64, r-release-osx-x86_64, r-oldrel-windows-ix86+x86_64, r-oldrel-osx-x86_64