CRAN Package Check Results for Package BayesSummaryStatLM

Last updated on 2018-06-18 22:49:59 CEST.

Flavor Version Tinstall Tcheck Ttotal Status Flags
r-devel-linux-x86_64-debian-clang 1.0-1 3.02 28.59 31.61 NOTE
r-devel-linux-x86_64-debian-gcc 1.0-1 1.84 24.54 26.38 NOTE
r-devel-linux-x86_64-fedora-clang 1.0-1 39.53 NOTE
r-devel-linux-x86_64-fedora-gcc 1.0-1 38.05 NOTE
r-devel-windows-ix86+x86_64 1.0-1 5.00 58.00 63.00 NOTE
r-patched-linux-x86_64 1.0-1 2.45 28.59 31.04 NOTE
r-patched-solaris-x86 1.0-1 59.40 NOTE
r-release-linux-x86_64 1.0-1 2.73 28.88 31.61 NOTE
r-release-windows-ix86+x86_64 1.0-1 3.00 60.00 63.00 NOTE
r-release-osx-x86_64 1.0-1 NOTE
r-oldrel-windows-ix86+x86_64 1.0-1 4.00 60.00 64.00 NOTE
r-oldrel-osx-x86_64 1.0-1 NOTE

Check Details

Version: 1.0-1
Check: R code for possible problems
Result: NOTE
    bayes.regress: no visible binding for global variable ‘var’
    bayesregressB1S1: no visible global function definition for ‘rgamma’
    bayesregressB1S2: no visible global function definition for ‘rgamma’
    bayesregressB2S1: no visible global function definition for ‘rgamma’
    bayesregressB2S2: no visible global function definition for ‘rgamma’
    bayesregressB3S1: no visible global function definition for ‘rWishart’
    bayesregressB3S1: no visible global function definition for ‘rgamma’
    bayesregressB3S2: no visible global function definition for ‘rWishart’
    bayesregressB3S2: no visible global function definition for ‘rgamma’
    Undefined global functions or variables:
     rWishart rgamma var
    Consider adding
     importFrom("stats", "rWishart", "rgamma", "var")
    to your NAMESPACE file.
Flavors: r-devel-linux-x86_64-debian-clang, r-devel-linux-x86_64-debian-gcc, r-devel-linux-x86_64-fedora-clang, r-devel-linux-x86_64-fedora-gcc, r-devel-windows-ix86+x86_64, r-patched-linux-x86_64, r-patched-solaris-x86, r-release-linux-x86_64, r-release-windows-ix86+x86_64, r-release-osx-x86_64, r-oldrel-windows-ix86+x86_64, r-oldrel-osx-x86_64