CRAN Package Check Results for Package BayesTree

Last updated on 2017-11-21 22:47:43 CET.

Flavor Version Tinstall Tcheck Ttotal Status Flags
r-devel-linux-x86_64-debian-clang 0.3-1.4 6.67 14.83 21.50 NOTE
r-devel-linux-x86_64-debian-gcc 0.3-1.4 7.73 38.28 46.01 NOTE
r-devel-linux-x86_64-fedora-clang 0.3-1.4 45.22 NOTE
r-devel-linux-x86_64-fedora-gcc 0.3-1.4 37.27 NOTE
r-devel-windows-ix86+x86_64 0.3-1.4 49.00 49.00 98.00 OK
r-patched-linux-x86_64 0.3-1.4 5.90 15.55 21.45 NOTE
r-patched-solaris-x86 0.3-1.4 64.00 OK
r-release-linux-x86_64 0.3-1.4 6.02 15.14 21.15 NOTE
r-release-windows-ix86+x86_64 0.3-1.4 28.00 68.00 96.00 OK
r-release-osx-x86_64 0.3-1.4 OK
r-oldrel-windows-ix86+x86_64 0.3-1.4 33.00 61.00 94.00 OK
r-oldrel-osx-x86_64 0.3-1.4 OK

Check Details

Version: 0.3-1.4
Check: compiled code
Result: NOTE
    File ‘BayesTree/libs/BayesTree.so’:
     Found no calls to: ‘R_registerRoutines’, ‘R_useDynamicSymbols’
    
    It is good practice to register native routines and to disable symbol
    search.
    
    See ‘Writing portable packages’ in the ‘Writing R Extensions’ manual.
Flavors: r-devel-linux-x86_64-debian-clang, r-devel-linux-x86_64-debian-gcc, r-devel-linux-x86_64-fedora-clang, r-devel-linux-x86_64-fedora-gcc, r-patched-linux-x86_64, r-release-linux-x86_64