CRAN Package Check Results for Package BayesVarSel

Last updated on 2018-10-17 22:51:26 CEST.

Flavor Version Tinstall Tcheck Ttotal Status Flags
r-devel-linux-x86_64-debian-clang 1.8.0 8.22 32.86 41.08 OK
r-devel-linux-x86_64-debian-gcc 1.8.0 7.45 25.69 33.14 OK
r-devel-linux-x86_64-fedora-clang 1.8.0 49.13 OK
r-devel-linux-x86_64-fedora-gcc 1.8.0 48.74 OK
r-devel-windows-ix86+x86_64 1.8.0 36.00 72.00 108.00 OK
r-patched-linux-x86_64 1.8.0 8.81 31.06 39.87 NOTE
r-patched-solaris-x86 1.8.0 70.70 OK
r-release-linux-x86_64 1.8.0 7.63 31.17 38.80 NOTE
r-release-windows-ix86+x86_64 1.8.0 24.00 77.00 101.00 OK
r-release-osx-x86_64 1.8.0 OK
r-oldrel-windows-ix86+x86_64 1.8.0 32.00 60.00 92.00 OK
r-oldrel-osx-x86_64 1.8.0 OK

Check Details

Version: 1.8.0
Check: DESCRIPTION meta-information
Result: NOTE
    Dependence on R version ‘3.3.2’ not with patchlevel 0
Flavors: r-patched-linux-x86_64, r-release-linux-x86_64