CRAN Package Check Results for Package BayesVarSel

Last updated on 2018-01-20 22:46:50 CET.

Flavor Version Tinstall Tcheck Ttotal Status Flags
r-devel-linux-x86_64-debian-clang 1.8.0 4.89 33.63 38.52 NOTE
r-devel-linux-x86_64-debian-gcc 1.8.0 5.49 25.64 31.13 NOTE
r-devel-linux-x86_64-fedora-clang 1.8.0 44.83 NOTE
r-devel-linux-x86_64-fedora-gcc 1.8.0 46.69 NOTE
r-devel-windows-ix86+x86_64 1.8.0 35.00 86.00 121.00 OK
r-patched-linux-x86_64 1.8.0 6.03 32.14 38.17 OK
r-patched-solaris-x86 1.8.0 68.40 OK
r-release-linux-x86_64 1.8.0 5.60 31.75 37.35 OK
r-release-windows-ix86+x86_64 1.8.0 34.00 54.00 88.00 OK
r-release-osx-x86_64 1.8.0 OK
r-oldrel-windows-ix86+x86_64 1.8.0 28.00 52.00 80.00 OK
r-oldrel-osx-x86_64 1.8.0 OK

Check Details

Version: 1.8.0
Check: DESCRIPTION meta-information
Result: NOTE
    Dependence on R version ‘3.3.2’ not with patchlevel 0
Flavors: r-devel-linux-x86_64-debian-clang, r-devel-linux-x86_64-debian-gcc, r-devel-linux-x86_64-fedora-clang, r-devel-linux-x86_64-fedora-gcc