CRAN Package Check Results for Package BayesVarSel

Last updated on 2018-07-20 22:50:09 CEST.

Flavor Version Tinstall Tcheck Ttotal Status Flags
r-devel-linux-x86_64-debian-clang 1.8.0 6.22 32.34 38.56 OK
r-devel-linux-x86_64-debian-gcc 1.8.0 7.30 25.25 32.55 OK
r-devel-linux-x86_64-fedora-clang 1.8.0 47.53 OK
r-devel-linux-x86_64-fedora-gcc 1.8.0 47.34 OK
r-devel-windows-ix86+x86_64 1.8.0 23.00 66.00 89.00 OK
r-patched-linux-x86_64 1.8.0 7.74 31.10 38.84 NOTE
r-patched-solaris-x86 1.8.0 72.70 OK
r-release-linux-x86_64 1.8.0 7.70 31.12 38.82 NOTE
r-release-windows-ix86+x86_64 1.8.0 38.00 62.00 100.00 OK
r-release-osx-x86_64 1.8.0 OK
r-oldrel-windows-ix86+x86_64 1.8.0 33.00 59.00 92.00 OK
r-oldrel-osx-x86_64 1.8.0 OK

Check Details

Version: 1.8.0
Check: DESCRIPTION meta-information
Result: NOTE
    Dependence on R version ‘3.3.2’ not with patchlevel 0
Flavors: r-patched-linux-x86_64, r-release-linux-x86_64