Last updated on 2024-04-18 22:52:32 CEST.
Flavor | Version | Tinstall | Tcheck | Ttotal | Status | Flags |
---|---|---|---|---|---|---|
r-devel-linux-x86_64-debian-clang | 1.2.3 | 411.41 | 250.40 | 661.81 | NOTE | |
r-devel-linux-x86_64-debian-gcc | 1.2.3 | 393.31 | 206.43 | 599.74 | NOTE | |
r-devel-linux-x86_64-fedora-clang | 1.2.3 | 830.69 | NOTE | |||
r-devel-linux-x86_64-fedora-gcc | 1.2.3 | 1052.88 | NOTE | |||
r-prerel-macos-arm64 | 1.2.3 | 202.00 | NOTE | |||
r-prerel-windows-x86_64 | 1.2.3 | 347.00 | 256.00 | 603.00 | NOTE | |
r-patched-linux-x86_64 | 1.2.3 | 391.30 | 266.45 | 657.75 | NOTE | |
r-release-linux-x86_64 | 1.2.3 | 430.71 | 264.93 | 695.64 | NOTE | |
r-release-macos-arm64 | 1.2.3 | 142.00 | NOTE | |||
r-release-macos-x86_64 | 1.2.3 | 172.00 | NOTE | |||
r-release-windows-x86_64 | 1.2.3 | 373.00 | 290.00 | 663.00 | NOTE | |
r-oldrel-macos-arm64 | 1.2.3 | 208.00 | NOTE | |||
r-oldrel-windows-x86_64 | 1.2.3 | 380.00 | 280.00 | 660.00 | NOTE |
Version: 1.2.3
Check: for GNU extensions in Makefiles
Result: NOTE
GNU make is a SystemRequirements.
Flavors: r-devel-linux-x86_64-debian-clang, r-devel-linux-x86_64-debian-gcc, r-devel-linux-x86_64-fedora-clang, r-devel-linux-x86_64-fedora-gcc, r-prerel-macos-arm64, r-prerel-windows-x86_64, r-patched-linux-x86_64, r-release-linux-x86_64, r-release-macos-arm64, r-release-macos-x86_64, r-release-windows-x86_64, r-oldrel-macos-arm64, r-oldrel-windows-x86_64
Version: 1.2.3
Check: installed package size
Result: NOTE
installed size is 8.1Mb
sub-directories of 1Mb or more:
data 1.3Mb
help 1.9Mb
libs 3.8Mb
Flavors: r-devel-linux-x86_64-fedora-clang, r-prerel-macos-arm64, r-prerel-windows-x86_64, r-release-macos-arm64, r-release-macos-x86_64, r-release-windows-x86_64, r-oldrel-macos-arm64, r-oldrel-windows-x86_64