CRAN Package Check Results for Package Bchron

Last updated on 2017-11-19 22:48:55.

Flavor Version Tinstall Tcheck Ttotal Status Flags
r-devel-linux-x86_64-debian-clang 4.2.6 1.28 204.16 205.44 WARN
r-devel-linux-x86_64-debian-gcc 4.2.6 1.24 121.15 122.39 NOTE
r-devel-linux-x86_64-fedora-clang 4.2.6 134.79 NOTE
r-devel-linux-x86_64-fedora-gcc 4.2.6 140.93 NOTE
r-devel-windows-ix86+x86_64 4.2.6 11.00 130.00 141.00 NOTE
r-patched-linux-x86_64 4.2.6 1.34 71.96 73.31 NOTE
r-patched-solaris-x86 4.2.6 137.80 NOTE
r-release-linux-x86_64 4.2.6 1.45 71.80 73.25 NOTE
r-release-windows-ix86+x86_64 4.2.6 6.00 171.00 177.00 NOTE
r-release-osx-x86_64 4.2.6 NOTE
r-oldrel-windows-ix86+x86_64 4.2.6 5.00 222.00 227.00 OK
r-oldrel-osx-x86_64 4.2.6 NOTE

Check Details

Version: 4.2.6
Check: compiled code
Result: NOTE
    File ‘Bchron/libs/Bchron.so’:
     Found no calls to: ‘R_registerRoutines’, ‘R_useDynamicSymbols’
    
    It is good practice to register native routines and to disable symbol
    search.
    
    See ‘Writing portable packages’ in the ‘Writing R Extensions’ manual.
Flavors: r-devel-linux-x86_64-debian-clang, r-devel-linux-x86_64-debian-gcc, r-devel-linux-x86_64-fedora-clang, r-devel-linux-x86_64-fedora-gcc, r-patched-linux-x86_64, r-release-linux-x86_64

Version: 4.2.6
Check: re-building of vignette outputs
Result: WARN
    Error in re-building vignettes:
     ...
    Warning in file(file, "rt") :
     URL 'http://www.radiocarbon.org/IntCal09%20files/intcal09.14c': status was 'Couldn't connect to server'
    Quitting from lines 279-283 (Bchron.Rmd)
    Error: processing vignette ‘Bchron.Rmd’ failed with diagnostics:
    cannot open the connection to 'http://www.radiocarbon.org/IntCal09%20files/intcal09.14c'
    Execution halted
Flavor: r-devel-linux-x86_64-debian-clang

Version: 4.2.6
Check: dependencies in R code
Result: NOTE
    Namespace in Imports field not imported from: ‘inline’
     All declared Imports should be used.
Flavors: r-devel-linux-x86_64-fedora-clang, r-devel-linux-x86_64-fedora-gcc, r-patched-solaris-x86, r-release-osx-x86_64, r-oldrel-osx-x86_64

Version: 4.2.6
Check: DESCRIPTION meta-information
Result: NOTE
    NeedsCompilation field should likely be 'yes'
Flavors: r-devel-windows-ix86+x86_64, r-release-windows-ix86+x86_64