CRAN Package Check Results for Package Bchron

Last updated on 2018-01-15 22:47:17 CET.

Flavor Version Tinstall Tcheck Ttotal Status Flags
r-devel-linux-x86_64-debian-clang 4.2.6 1.75 105.04 106.79 WARN
r-devel-linux-x86_64-debian-gcc 4.2.6 1.52 93.05 94.57 WARN
r-devel-linux-x86_64-fedora-clang 4.2.6 141.87 NOTE
r-devel-linux-x86_64-fedora-gcc 4.2.6 139.87 NOTE
r-devel-windows-ix86+x86_64 4.2.6 7.00 132.00 139.00 NOTE
r-patched-linux-x86_64 4.2.6 1.55 118.33 119.88 WARN
r-patched-solaris-x86 4.2.6 162.10 NOTE
r-release-linux-x86_64 4.2.6 1.80 118.27 120.07 WARN
r-release-windows-ix86+x86_64 4.2.6 8.00 167.00 175.00 NOTE
r-release-osx-x86_64 4.2.6 NOTE
r-oldrel-windows-ix86+x86_64 4.2.6 8.00 158.00 166.00 OK
r-oldrel-osx-x86_64 4.2.6 NOTE

Check Details

Version: 4.2.6
Check: compiled code
Result: NOTE
    File ‘Bchron/libs/Bchron.so’:
     Found no calls to: ‘R_registerRoutines’, ‘R_useDynamicSymbols’
    
    It is good practice to register native routines and to disable symbol
    search.
    
    See ‘Writing portable packages’ in the ‘Writing R Extensions’ manual.
Flavors: r-devel-linux-x86_64-debian-clang, r-devel-linux-x86_64-debian-gcc, r-devel-linux-x86_64-fedora-clang, r-devel-linux-x86_64-fedora-gcc, r-patched-linux-x86_64, r-release-linux-x86_64

Version: 4.2.6
Check: re-building of vignette outputs
Result: WARN
    Error in re-building vignettes:
     ...
    Warning in engine$weave(file, quiet = quiet, encoding = enc) :
     The vignette engine knitr::rmarkdown is not available, because the rmarkdown package is not installed. Please install it.
    Warning in gzfile(file, "wb") :
     cannot open compressed file ‘/home/hornik/tmp/R.check/r-devel-clang/Work/build/Packages/Bchron/data/intcal09.rda’, probable reason ‘Read-only file system’
    Quitting from lines 279-283 (Bchron.Rmd)
    Error: processing vignette ‘Bchron.Rmd’ failed with diagnostics:
    cannot open the connection
    Execution halted
Flavor: r-devel-linux-x86_64-debian-clang

Version: 4.2.6
Check: re-building of vignette outputs
Result: WARN
    Error in re-building vignettes:
     ...
    Warning in engine$weave(file, quiet = quiet, encoding = enc) :
     The vignette engine knitr::rmarkdown is not available, because the rmarkdown package is not installed. Please install it.
    Warning in gzfile(file, "wb") :
     cannot open compressed file ‘/home/hornik/tmp/R.check/r-devel-gcc/Work/build/Packages/Bchron/data/intcal09.rda’, probable reason ‘Read-only file system’
    Quitting from lines 279-283 (Bchron.Rmd)
    Error: processing vignette ‘Bchron.Rmd’ failed with diagnostics:
    cannot open the connection
    Execution halted
Flavor: r-devel-linux-x86_64-debian-gcc

Version: 4.2.6
Check: dependencies in R code
Result: NOTE
    Namespace in Imports field not imported from: ‘inline’
     All declared Imports should be used.
Flavors: r-devel-linux-x86_64-fedora-clang, r-devel-linux-x86_64-fedora-gcc, r-patched-solaris-x86, r-release-osx-x86_64, r-oldrel-osx-x86_64

Version: 4.2.6
Check: DESCRIPTION meta-information
Result: NOTE
    NeedsCompilation field should likely be 'yes'
Flavors: r-devel-windows-ix86+x86_64, r-release-windows-ix86+x86_64

Version: 4.2.6
Check: re-building of vignette outputs
Result: WARN
    Error in re-building vignettes:
     ...
    Warning in gzfile(file, "wb") :
     cannot open compressed file ‘/home/hornik/tmp/R.check/r-patched-gcc/Work/build/Packages/Bchron/data/intcal09.rda’, probable reason ‘Read-only file system’
    Quitting from lines 279-283 (Bchron.Rmd)
    Error: processing vignette ‘Bchron.Rmd’ failed with diagnostics:
    cannot open the connection
    Execution halted
Flavor: r-patched-linux-x86_64

Version: 4.2.6
Check: re-building of vignette outputs
Result: WARN
    Error in re-building vignettes:
     ...
    Warning in gzfile(file, "wb") :
     cannot open compressed file ‘/home/hornik/tmp/R.check/r-release-gcc/Work/build/Packages/Bchron/data/intcal09.rda’, probable reason ‘Read-only file system’
    Quitting from lines 279-283 (Bchron.Rmd)
    Error: processing vignette ‘Bchron.Rmd’ failed with diagnostics:
    cannot open the connection
    Execution halted
Flavor: r-release-linux-x86_64