CRAN Package Check Results for Package Bchron

Last updated on 2018-10-16 22:56:04 CEST.

Flavor Version Tinstall Tcheck Ttotal Status Flags
r-devel-linux-x86_64-debian-clang 4.3.0 4.01 130.81 134.82 OK
r-devel-linux-x86_64-debian-gcc 4.3.0 3.52 25.01 28.53 WARN
r-devel-linux-x86_64-fedora-clang 4.3.0 155.63 OK
r-devel-linux-x86_64-fedora-gcc 4.3.0 159.99 OK
r-devel-windows-ix86+x86_64 4.3.0 13.00 171.00 184.00 OK
r-patched-linux-x86_64 4.3.0 5.07 125.94 131.01 OK
r-patched-solaris-x86 4.3.0 194.50 OK
r-release-linux-x86_64 4.3.0 3.74 127.88 131.62 OK
r-release-windows-ix86+x86_64 4.3.0 9.00 182.00 191.00 OK
r-release-osx-x86_64 4.3.0 OK
r-oldrel-windows-ix86+x86_64 4.3.0 13.00 194.00 207.00 OK
r-oldrel-osx-x86_64 4.3.0 OK

Check Details

Version: 4.3.0
Check: re-building of vignette outputs
Result: WARN
    Error in re-building vignettes:
     ...
    Warning in engine$weave(file, quiet = quiet, encoding = enc) :
     The vignette engine knitr::rmarkdown is not available, because the rmarkdown package is not installed. Please install it.
    Quitting from lines 124-131 (Bchron.Rmd)
    Error: processing vignette ‘Bchron.Rmd’ failed with diagnostics:
    missing value where TRUE/FALSE needed
    Execution halted
Flavor: r-devel-linux-x86_64-debian-gcc