Last updated on 2023-12-02 21:39:48 CET.
Flavor | Version | Tinstall | Tcheck | Ttotal | Status | Flags |
---|---|---|---|---|---|---|
r-devel-linux-x86_64-debian-clang | 0.31 | 39.60 | 70.24 | 109.84 | NOTE | |
r-devel-linux-x86_64-debian-gcc | 0.31 | 29.79 | 52.98 | 82.77 | NOTE | |
r-devel-linux-x86_64-fedora-clang | 0.31 | 157.93 | OK | |||
r-devel-linux-x86_64-fedora-gcc | 0.31 | 153.11 | OK | |||
r-devel-windows-x86_64 | 0.31 | 33.00 | 95.00 | 128.00 | OK | |
r-patched-linux-x86_64 | 0.31 | 37.14 | 68.94 | 106.08 | OK | |
r-release-linux-x86_64 | 0.31 | 32.57 | 68.46 | 101.03 | OK | |
r-release-macos-arm64 | 0.31 | 41.00 | OK | |||
r-release-macos-x86_64 | 0.31 | 63.00 | OK | |||
r-release-windows-x86_64 | 0.31 | 46.00 | 125.00 | 171.00 | OK | |
r-oldrel-macos-arm64 | 0.31 | 43.00 | OK | |||
r-oldrel-macos-x86_64 | 0.31 | 50.00 | OK | |||
r-oldrel-windows-x86_64 | 0.31 | 39.00 | 97.00 | 136.00 | OK |
Version: 0.31
Check: Rd files
Result: NOTE
checkRd: (-1) excess.Rd:20: Lost braces
20 | \link{dea}, \link{dea.direct}, link{sdea}, and \link{mea}. }
| ^
Flavors: r-devel-linux-x86_64-debian-clang, r-devel-linux-x86_64-debian-gcc