Last updated on 2024-03-28 23:01:39 CET.
Flavor | Version | Tinstall | Tcheck | Ttotal | Status | Flags |
---|---|---|---|---|---|---|
r-devel-linux-x86_64-debian-clang | 2.2 | 3.98 | 40.96 | 44.94 | OK | |
r-devel-linux-x86_64-debian-gcc | 2.2 | 3.14 | 30.67 | 33.81 | OK | |
r-devel-linux-x86_64-fedora-clang | 2.2 | 55.11 | NOTE | |||
r-devel-linux-x86_64-fedora-gcc | 2.2 | 54.50 | NOTE | |||
r-devel-windows-x86_64 | 2.2 | 6.00 | 51.00 | 57.00 | OK | |
r-patched-linux-x86_64 | 2.2 | 4.70 | 40.07 | 44.77 | OK | |
r-release-linux-x86_64 | 2.2 | 4.30 | 39.81 | 44.11 | OK | |
r-release-macos-arm64 | 2.2 | 27.00 | OK | |||
r-release-macos-x86_64 | 2.2 | 53.00 | OK | |||
r-release-windows-x86_64 | 2.2 | 5.00 | 56.00 | 61.00 | OK | |
r-oldrel-macos-arm64 | 2.2 | 29.00 | OK | |||
r-oldrel-windows-x86_64 | 2.2 | 7.00 | 57.00 | 64.00 | OK |
Version: 2.2
Check: data for non-ASCII characters
Result: NOTE
Note: found 42 marked UTF-8 strings
Flavors: r-devel-linux-x86_64-fedora-clang, r-devel-linux-x86_64-fedora-gcc