Last updated on 2024-04-24 23:00:15 CEST.
Flavor | Version | Tinstall | Tcheck | Ttotal | Status | Flags |
---|---|---|---|---|---|---|
r-devel-linux-x86_64-debian-clang | 2.0.1 | 4.18 | 43.13 | 47.31 | NOTE | |
r-devel-linux-x86_64-debian-gcc | 2.0.1 | 2.63 | 31.88 | 34.51 | NOTE | |
r-devel-linux-x86_64-fedora-clang | 2.0.1 | 59.73 | NOTE | |||
r-devel-linux-x86_64-fedora-gcc | 2.0.1 | 66.27 | NOTE | |||
r-devel-windows-x86_64 | 2.0.1 | 5.00 | 53.00 | 58.00 | NOTE | |
r-patched-linux-x86_64 | 2.0.1 | 2.49 | 39.83 | 42.32 | NOTE | |
r-release-linux-x86_64 | 2.0.1 | 3.18 | 38.10 | 41.28 | OK | |
r-release-macos-arm64 | 2.0.1 | 26.00 | OK | |||
r-release-windows-x86_64 | 2.0.1 | 4.00 | 53.00 | 57.00 | NOTE | |
r-oldrel-macos-arm64 | 2.0.1 | 22.00 | OK | |||
r-oldrel-macos-x86_64 | 2.0.1 | 40.00 | OK | |||
r-oldrel-windows-x86_64 | 2.0.1 | 4.00 | 55.00 | 59.00 | OK |
Version: 2.0.1
Check: Rd files
Result: NOTE
checkRd: (-1) BiDimRegression.Rd:29: Lost braces; missing escapes or markup?
29 | \item \code{euclidean.df1, affine.df1} - degrees of freedom of the nominator used for the F-statistics propagated by Nakaya (1997); df1 = p-2, with p is the number of elements needed to calculate the referring model: p=4 for the Euclidean and p=6 for the affine geometry {Nakaya, 1997, Table 1}.
| ^
Flavors: r-devel-linux-x86_64-debian-clang, r-devel-linux-x86_64-debian-gcc, r-devel-linux-x86_64-fedora-clang, r-devel-linux-x86_64-fedora-gcc, r-devel-windows-x86_64, r-patched-linux-x86_64, r-release-windows-x86_64