Last updated on 2023-06-09 22:58:21 CEST.
Flavor | Version | Tinstall | Tcheck | Ttotal | Status | Flags |
---|---|---|---|---|---|---|
r-devel-linux-x86_64-debian-clang | 1.0.0 | 47.72 | 131.84 | 179.56 | NOTE | |
r-devel-linux-x86_64-debian-gcc | 1.0.0 | 36.81 | 95.13 | 131.94 | NOTE | |
r-devel-linux-x86_64-fedora-clang | 1.0.0 | 232.77 | NOTE | |||
r-devel-linux-x86_64-fedora-gcc | 1.0.0 | 234.28 | NOTE | |||
r-devel-windows-x86_64 | 1.0.0 | 41.00 | 133.00 | 174.00 | NOTE | |
r-patched-linux-x86_64 | 1.0.0 | 42.11 | 120.36 | 162.47 | NOTE | |
r-release-linux-x86_64 | 1.0.0 | 45.87 | 119.68 | 165.55 | NOTE | |
r-release-macos-arm64 | 1.0.0 | 89.00 | NOTE | |||
r-release-macos-x86_64 | 1.0.0 | 128.00 | NOTE | |||
r-release-windows-x86_64 | 1.0.0 | 49.00 | 155.00 | 204.00 | NOTE | |
r-oldrel-macos-arm64 | 1.0.0 | 54.00 | NOTE | |||
r-oldrel-macos-x86_64 | 1.0.0 | 98.00 | NOTE | |||
r-oldrel-windows-x86_64 | 1.0.0 | 47.00 | 147.00 | 194.00 | NOTE |
Version: 1.0.0
Check: C++ specification
Result: NOTE
Specified C++11: please drop specification unless essential
Flavors: r-devel-linux-x86_64-debian-clang, r-devel-linux-x86_64-debian-gcc, r-devel-linux-x86_64-fedora-clang, r-devel-linux-x86_64-fedora-gcc, r-devel-windows-x86_64, r-patched-linux-x86_64, r-release-linux-x86_64, r-release-macos-arm64, r-release-macos-x86_64, r-release-windows-x86_64
Version: 1.0.0
Check: LazyData
Result: NOTE
'LazyData' is specified without a 'data' directory
Flavors: r-devel-linux-x86_64-debian-clang, r-devel-linux-x86_64-debian-gcc, r-devel-linux-x86_64-fedora-clang, r-devel-linux-x86_64-fedora-gcc, r-devel-windows-x86_64, r-patched-linux-x86_64, r-release-linux-x86_64, r-release-macos-arm64, r-release-macos-x86_64, r-release-windows-x86_64, r-oldrel-macos-arm64, r-oldrel-macos-x86_64, r-oldrel-windows-x86_64