CRAN Package Check Results for Package BinaryDosage

Last updated on 2024-06-23 22:48:26 CEST.

Flavor Version Tinstall Tcheck Ttotal Status Flags
r-devel-linux-x86_64-debian-clang 1.0.0 44.80 125.98 170.78 NOTE
r-devel-linux-x86_64-debian-gcc 1.0.0 33.06 91.63 124.69 NOTE
r-devel-linux-x86_64-fedora-clang 1.0.0 236.45 NOTE
r-devel-linux-x86_64-fedora-gcc 1.0.0 238.75 NOTE
r-devel-windows-x86_64 1.0.0 39.00 128.00 167.00 NOTE
r-patched-linux-x86_64 1.0.0 40.87 117.40 158.27 NOTE
r-release-linux-x86_64 1.0.0 41.56 119.72 161.28 NOTE
r-release-macos-arm64 1.0.0 70.00 NOTE
r-release-macos-x86_64 1.0.0 102.00 NOTE
r-release-windows-x86_64 1.0.0 39.00 130.00 169.00 NOTE
r-oldrel-macos-arm64 1.0.0 89.00 NOTE
r-oldrel-macos-x86_64 1.0.0 128.00 NOTE
r-oldrel-windows-x86_64 1.0.0 49.00 154.00 203.00 NOTE

Check Details

Version: 1.0.0
Check: C++ specification
Result: NOTE Specified C++11: please drop specification unless essential Flavors: r-devel-linux-x86_64-debian-clang, r-devel-linux-x86_64-debian-gcc, r-devel-linux-x86_64-fedora-clang, r-devel-linux-x86_64-fedora-gcc, r-devel-windows-x86_64, r-patched-linux-x86_64, r-release-linux-x86_64, r-release-macos-arm64, r-release-macos-x86_64, r-release-windows-x86_64, r-oldrel-macos-arm64, r-oldrel-macos-x86_64, r-oldrel-windows-x86_64

Version: 1.0.0
Check: LazyData
Result: NOTE 'LazyData' is specified without a 'data' directory Flavors: r-devel-linux-x86_64-debian-clang, r-devel-linux-x86_64-debian-gcc, r-devel-linux-x86_64-fedora-clang, r-devel-linux-x86_64-fedora-gcc, r-devel-windows-x86_64, r-patched-linux-x86_64, r-release-linux-x86_64, r-release-macos-arm64, r-release-macos-x86_64, r-release-windows-x86_64, r-oldrel-macos-arm64, r-oldrel-macos-x86_64, r-oldrel-windows-x86_64