CRAN Package Check Results for Package BioCircos

Last updated on 2020-01-18 22:48:27 CET.

Flavor Version Tinstall Tcheck Ttotal Status Flags
r-devel-linux-x86_64-debian-clang 0.3.4 3.39 35.15 38.54 OK
r-devel-linux-x86_64-debian-gcc 0.3.4 2.71 28.34 31.05 OK
r-devel-linux-x86_64-fedora-clang 0.3.4 47.89 OK
r-devel-linux-x86_64-fedora-gcc 0.3.4 48.74 OK
r-devel-windows-ix86+x86_64 0.3.4 11.00 79.00 90.00 OK
r-devel-windows-ix86+x86_64-gcc8 0.3.4 9.00 52.00 61.00 OK
r-patched-linux-x86_64 0.3.4 2.60 32.44 35.04 OK
r-patched-solaris-x86 0.3.4 58.70 WARN
r-release-linux-x86_64 0.3.4 2.40 33.16 35.56 OK
r-release-windows-ix86+x86_64 0.3.4 9.00 48.00 57.00 OK
r-release-osx-x86_64 0.3.4 WARN
r-oldrel-windows-ix86+x86_64 0.3.4 7.00 47.00 54.00 OK
r-oldrel-osx-x86_64 0.3.4 WARN

Check Details

Version: 0.3.4
Check: re-building of vignette outputs
Result: WARN
    Error(s) in re-building vignettes:
     ...
    --- re-building ‘BioCircos.Rmd’ using rmarkdown
    Warning in engine$weave(file, quiet = quiet, encoding = enc) :
     Pandoc (>= 1.12.3) and/or pandoc-citeproc not available. Falling back to R Markdown v1.
    Quitting from lines 64-67 (BioCircos.Rmd)
    Error: processing vignette 'BioCircos.Rmd' failed with diagnostics:
    there is no package called 'webshot'
    --- failed re-building ‘BioCircos.Rmd’
    
    SUMMARY: processing the following file failed:
     ‘BioCircos.Rmd’
    
    Error: Vignette re-building failed.
    Execution halted
Flavor: r-patched-solaris-x86

Version: 0.3.4
Check: re-building of vignette outputs
Result: WARN
    Error(s) in re-building vignettes:
     ...
    --- re-building ‘BioCircos.Rmd’ using rmarkdown
    Warning in engine$weave(file, quiet = quiet, encoding = enc) :
     Pandoc (>= 1.12.3) and/or pandoc-citeproc not available. Falling back to R Markdown v1.
    Quitting from lines 64-67 (BioCircos.Rmd)
    Error: processing vignette 'BioCircos.Rmd' failed with diagnostics:
    cannot open the connection
    --- failed re-building ‘BioCircos.Rmd’
    
    SUMMARY: processing the following file failed:
     ‘BioCircos.Rmd’
    
    Error: Vignette re-building failed.
    Execution halted
Flavor: r-release-osx-x86_64

Version: 0.3.4
Check: re-building of vignette outputs
Result: WARN
    Error in re-building vignettes:
     ...
    Warning in engine$weave(file, quiet = quiet, encoding = enc) :
     Pandoc (>= 1.12.3) and/or pandoc-citeproc not available. Falling back to R Markdown v1.
    Quitting from lines 64-67 (BioCircos.Rmd)
    Error: processing vignette 'BioCircos.Rmd' failed with diagnostics:
    cannot open the connection
    Execution halted
Flavor: r-oldrel-osx-x86_64