Last updated on 2024-03-28 23:01:39 CET.
Flavor | Version | Tinstall | Tcheck | Ttotal | Status | Flags |
---|---|---|---|---|---|---|
r-devel-linux-x86_64-debian-clang | 0.3.4 | 4.41 | 46.61 | 51.02 | NOTE | |
r-devel-linux-x86_64-debian-gcc | 0.3.4 | 3.48 | 35.51 | 38.99 | NOTE | |
r-devel-linux-x86_64-fedora-clang | 0.3.4 | 63.84 | NOTE | |||
r-devel-linux-x86_64-fedora-gcc | 0.3.4 | 77.35 | NOTE | |||
r-devel-windows-x86_64 | 0.3.4 | 5.00 | 57.00 | 62.00 | NOTE | |
r-patched-linux-x86_64 | 0.3.4 | 5.18 | 45.33 | 50.51 | NOTE | |
r-release-linux-x86_64 | 0.3.4 | 3.71 | 44.49 | 48.20 | NOTE | |
r-release-macos-arm64 | 0.3.4 | 30.00 | NOTE | |||
r-release-macos-x86_64 | 0.3.4 | 47.00 | NOTE | |||
r-release-windows-x86_64 | 0.3.4 | 6.00 | 62.00 | 68.00 | NOTE | |
r-oldrel-macos-arm64 | 0.3.4 | 22.00 | NOTE | |||
r-oldrel-windows-x86_64 | 0.3.4 | 6.00 | 64.00 | 70.00 | NOTE |
Version: 0.3.4
Check: LazyData
Result: NOTE
'LazyData' is specified without a 'data' directory
Flavors: r-devel-linux-x86_64-debian-clang, r-devel-linux-x86_64-debian-gcc, r-devel-linux-x86_64-fedora-clang, r-devel-linux-x86_64-fedora-gcc, r-devel-windows-x86_64, r-patched-linux-x86_64, r-release-linux-x86_64, r-release-macos-arm64, r-release-macos-x86_64, r-release-windows-x86_64, r-oldrel-macos-arm64, r-oldrel-windows-x86_64