CRAN Package Check Results for Package BioCircos

Last updated on 2019-08-23 22:49:54 CEST.

Flavor Version Tinstall Tcheck Ttotal Status Flags
r-devel-linux-x86_64-debian-clang 0.3.4 2.93 33.10 36.03 OK
r-devel-linux-x86_64-debian-gcc 0.3.4 OK
r-devel-linux-x86_64-fedora-clang 0.3.4 45.00 OK
r-devel-linux-x86_64-fedora-gcc 0.3.4 43.44 OK
r-devel-windows-ix86+x86_64 0.3.4 8.00 45.00 53.00 OK
r-patched-linux-x86_64 0.3.4 2.92 32.25 35.17 OK
r-patched-solaris-x86 0.3.4 58.30 WARN
r-release-linux-x86_64 0.3.4 2.96 32.53 35.49 OK
r-release-windows-ix86+x86_64 0.3.4 10.00 66.00 76.00 OK
r-release-osx-x86_64 0.3.4 WARN
r-oldrel-windows-ix86+x86_64 0.3.4 6.00 64.00 70.00 OK
r-oldrel-osx-x86_64 0.3.4 WARN

Check Details

Version: 0.3.4
Check: re-building of vignette outputs
Result: WARN
    Error(s) in re-building vignettes:
     ...
    --- re-building ‘BioCircos.Rmd’ using rmarkdown
    Warning in engine$weave(file, quiet = quiet, encoding = enc) :
     Pandoc (>= 1.12.3) and/or pandoc-citeproc not available. Falling back to R Markdown v1.
    Quitting from lines 64-67 (BioCircos.Rmd)
    Error: processing vignette 'BioCircos.Rmd' failed with diagnostics:
    there is no package called 'webshot'
    --- failed re-building ‘BioCircos.Rmd’
    
    SUMMARY: processing the following file failed:
     ‘BioCircos.Rmd’
    
    Error: Vignette re-building failed.
    Execution halted
Flavor: r-patched-solaris-x86

Version: 0.3.4
Check: re-building of vignette outputs
Result: WARN
    Error(s) in re-building vignettes:
     ...
    --- re-building ‘BioCircos.Rmd’ using rmarkdown
    Warning in engine$weave(file, quiet = quiet, encoding = enc) :
     Pandoc (>= 1.12.3) and/or pandoc-citeproc not available. Falling back to R Markdown v1.
    Quitting from lines 64-67 (BioCircos.Rmd)
    Error: processing vignette 'BioCircos.Rmd' failed with diagnostics:
    cannot open the connection
    --- failed re-building ‘BioCircos.Rmd’
    
    SUMMARY: processing the following file failed:
     ‘BioCircos.Rmd’
    
    Error: Vignette re-building failed.
    Execution halted
Flavor: r-release-osx-x86_64

Version: 0.3.4
Check: re-building of vignette outputs
Result: WARN
    Error in re-building vignettes:
     ...
    Warning in engine$weave(file, quiet = quiet, encoding = enc) :
     Pandoc (>= 1.12.3) and/or pandoc-citeproc not available. Falling back to R Markdown v1.
    Quitting from lines 64-67 (BioCircos.Rmd)
    Error: processing vignette 'BioCircos.Rmd' failed with diagnostics:
    cannot open the connection
    Execution halted
Flavor: r-oldrel-osx-x86_64