CRAN Package Check Results for Package BioMark

Last updated on 2024-02-24 21:40:14 CET.

Flavor Version Tinstall Tcheck Ttotal Status Flags
r-devel-linux-x86_64-debian-clang 0.4.5 10.80 92.07 102.87 NOTE
r-devel-linux-x86_64-debian-gcc 0.4.5 8.03 69.07 77.10 NOTE
r-devel-linux-x86_64-fedora-clang 0.4.5 130.44 NOTE
r-devel-linux-x86_64-fedora-gcc 0.4.5 125.87 NOTE
r-devel-windows-x86_64 0.4.5 8.00 83.00 91.00 OK
r-patched-linux-x86_64 0.4.5 11.04 90.92 101.96 OK
r-release-linux-x86_64 0.4.5 9.50 90.85 100.35 OK
r-release-macos-arm64 0.4.5 44.00 OK
r-release-macos-x86_64 0.4.5 67.00 OK
r-release-windows-x86_64 0.4.5 12.00 101.00 113.00 OK
r-oldrel-macos-arm64 0.4.5 41.00 OK
r-oldrel-windows-x86_64 0.4.5 11.00 105.00 116.00 OK

Check Details

Version: 0.4.5
Check: Rd files
Result: NOTE checkRd: (-1) ROC.Rd:55: Lost braces in \enumerate; \value handles \item{}{} directly checkRd: (-1) ROC.Rd:56: Lost braces in \enumerate; \value handles \item{}{} directly checkRd: (-1) ROC.Rd:57: Lost braces in \enumerate; \value handles \item{}{} directly checkRd: (-1) ROC.Rd:58: Lost braces in \enumerate; \value handles \item{}{} directly Flavors: r-devel-linux-x86_64-debian-clang, r-devel-linux-x86_64-debian-gcc, r-devel-linux-x86_64-fedora-clang, r-devel-linux-x86_64-fedora-gcc