Last updated on 2023-06-07 22:02:37 CEST.
Flavor | Version | Tinstall | Tcheck | Ttotal | Status | Flags |
---|---|---|---|---|---|---|
r-devel-linux-x86_64-debian-clang | 0.4 | 59.56 | 206.65 | 266.21 | NOTE | |
r-devel-linux-x86_64-debian-gcc | 0.4 | 52.71 | 154.86 | 207.57 | NOTE | |
r-devel-linux-x86_64-fedora-clang | 0.4 | 350.00 | NOTE | |||
r-devel-linux-x86_64-fedora-gcc | 0.4 | 356.47 | NOTE | |||
r-devel-windows-x86_64 | 0.4 | 50.00 | 186.00 | 236.00 | NOTE | |
r-patched-linux-x86_64 | 0.4 | 56.20 | 193.84 | 250.04 | NOTE | |
r-release-linux-x86_64 | 0.4 | 51.99 | 197.16 | 249.15 | NOTE | |
r-release-macos-arm64 | 0.4 | 89.00 | NOTE | |||
r-release-macos-x86_64 | 0.4 | 119.00 | NOTE | |||
r-release-windows-x86_64 | 0.4 | 66.00 | 217.00 | 283.00 | NOTE | |
r-oldrel-macos-arm64 | 0.4 | 83.00 | OK | |||
r-oldrel-macos-x86_64 | 0.4 | 111.00 | OK | |||
r-oldrel-windows-x86_64 | 0.4 | 62.00 | 216.00 | 278.00 | OK |
Version: 0.4
Check: Rd \usage sections
Result: NOTE
S3 methods shown with full name in documentation object ‘select.cfs’:
‘select.cfs’
S3 methods shown with full name in documentation object ‘select.fast.filter’:
‘select.fast.filter’
S3 methods shown with full name in documentation object ‘select.forward.Corr’:
‘select.forward.Corr’
S3 methods shown with full name in documentation object ‘select.forward.wrapper’:
‘select.forward.wrapper’
S3 methods shown with full name in documentation object ‘select.inf.chi2’:
‘select.inf.chi2’
S3 methods shown with full name in documentation object ‘select.inf.gain’:
‘select.inf.gain’
S3 methods shown with full name in documentation object ‘select.inf.symm’:
‘select.inf.symm’
S3 methods shown with full name in documentation object ‘select.process’:
‘select.process’
S3 methods shown with full name in documentation object ‘select.relief’:
‘select.relief’
The \usage entries for S3 methods should use the \method markup and not
their full name.
See chapter ‘Writing R documentation files’ in the ‘Writing R
Extensions’ manual.
Flavors: r-devel-linux-x86_64-debian-clang, r-devel-linux-x86_64-debian-gcc, r-devel-linux-x86_64-fedora-clang, r-devel-linux-x86_64-fedora-gcc, r-devel-windows-x86_64, r-patched-linux-x86_64, r-release-linux-x86_64, r-release-macos-arm64, r-release-macos-x86_64, r-release-windows-x86_64