Last updated on 2024-04-18 22:52:33 CEST.
Flavor | Version | Tinstall | Tcheck | Ttotal | Status | Flags |
---|---|---|---|---|---|---|
r-devel-linux-x86_64-debian-clang | 0.2.10 | 37.21 | 63.83 | 101.04 | NOTE | |
r-devel-linux-x86_64-debian-gcc | 0.2.10 | 25.76 | 47.36 | 73.12 | NOTE | |
r-devel-linux-x86_64-fedora-clang | 0.2.10 | 132.79 | NOTE | |||
r-devel-linux-x86_64-fedora-gcc | 0.2.10 | 138.57 | NOTE | |||
r-prerel-macos-arm64 | 0.2.10 | 43.00 | NOTE | |||
r-prerel-windows-x86_64 | 0.2.10 | 29.00 | 85.00 | 114.00 | NOTE | |
r-patched-linux-x86_64 | 0.2.10 | 32.01 | 60.45 | 92.46 | NOTE | |
r-release-linux-x86_64 | 0.2.10 | 31.22 | 58.70 | 89.92 | NOTE | |
r-release-macos-arm64 | 0.2.10 | 45.00 | NOTE | |||
r-release-macos-x86_64 | 0.2.10 | 66.00 | NOTE | |||
r-release-windows-x86_64 | 0.2.10 | 36.00 | 99.00 | 135.00 | NOTE | |
r-oldrel-macos-arm64 | 0.2.10 | 38.00 | NOTE | |||
r-oldrel-windows-x86_64 | 0.2.10 | 35.00 | 98.00 | 133.00 | NOTE |
Version: 0.2.10
Check: LazyData
Result: NOTE
'LazyData' is specified without a 'data' directory
Flavors: r-devel-linux-x86_64-debian-clang, r-devel-linux-x86_64-debian-gcc, r-devel-linux-x86_64-fedora-clang, r-devel-linux-x86_64-fedora-gcc, r-prerel-macos-arm64, r-prerel-windows-x86_64, r-patched-linux-x86_64, r-release-linux-x86_64, r-release-macos-arm64, r-release-macos-x86_64, r-release-windows-x86_64, r-oldrel-macos-arm64, r-oldrel-windows-x86_64