CRAN Package Check Results for Package BlockCov

Last updated on 2023-12-09 21:54:11 CET.

Flavor Version Tinstall Tcheck Ttotal Status Flags
r-devel-linux-x86_64-debian-clang 0.1.1 9.90 93.41 103.31 NOTE
r-devel-linux-x86_64-debian-gcc 0.1.1 9.04 70.08 79.12 NOTE
r-devel-linux-x86_64-fedora-clang 0.1.1 128.20 NOTE
r-devel-linux-x86_64-fedora-gcc 0.1.1 151.82 NOTE
r-devel-windows-x86_64 0.1.1 10.00 86.00 96.00 NOTE
r-patched-linux-x86_64 0.1.1 10.29 90.81 101.10 NOTE
r-release-linux-x86_64 0.1.1 9.71 88.74 98.45 NOTE
r-release-macos-arm64 0.1.1 53.00 NOTE
r-release-macos-x86_64 0.1.1 84.00 NOTE
r-release-windows-x86_64 0.1.1 14.00 96.00 110.00 NOTE
r-oldrel-macos-arm64 0.1.1 42.00 NOTE
r-oldrel-macos-x86_64 0.1.1 86.00 NOTE
r-oldrel-windows-x86_64 0.1.1 14.00 103.00 117.00 NOTE

Check Details

Version: 0.1.1
Check: LazyData
Result: NOTE 'LazyData' is specified without a 'data' directory Flavors: r-devel-linux-x86_64-debian-clang, r-devel-linux-x86_64-debian-gcc, r-devel-linux-x86_64-fedora-clang, r-devel-linux-x86_64-fedora-gcc, r-devel-windows-x86_64, r-patched-linux-x86_64, r-release-linux-x86_64, r-release-macos-arm64, r-release-macos-x86_64, r-release-windows-x86_64, r-oldrel-macos-arm64, r-oldrel-macos-x86_64, r-oldrel-windows-x86_64