CRAN Package Check Results for Package Bmix

Last updated on 2017-11-20 22:53:03 CET.

Flavor Version Tinstall Tcheck Ttotal Status Flags
r-devel-linux-x86_64-debian-clang 0.6 5.33 10.77 16.10 NOTE
r-devel-linux-x86_64-debian-gcc 0.6 6.42 32.50 38.92 NOTE
r-devel-linux-x86_64-fedora-clang 0.6 29.25 NOTE
r-devel-linux-x86_64-fedora-gcc 0.6 28.94 NOTE
r-devel-windows-ix86+x86_64 0.6 35.00 45.00 80.00 OK
r-patched-linux-x86_64 0.6 5.56 11.45 17.01 NOTE
r-patched-solaris-x86 0.6 47.10 OK
r-release-linux-x86_64 0.6 5.43 11.79 17.21 NOTE
r-release-windows-ix86+x86_64 0.6 24.00 40.00 64.00 OK
r-release-osx-x86_64 0.6 OK
r-oldrel-windows-ix86+x86_64 0.6 39.00 53.00 92.00 OK
r-oldrel-osx-x86_64 0.6 OK

Check Details

Version: 0.6
Check: compiled code
Result: NOTE
    File ‘Bmix/libs/Bmix.so’:
     Found no calls to: ‘R_registerRoutines’, ‘R_useDynamicSymbols’
    
    It is good practice to register native routines and to disable symbol
    search.
    
    See ‘Writing portable packages’ in the ‘Writing R Extensions’ manual.
Flavors: r-devel-linux-x86_64-debian-clang, r-devel-linux-x86_64-debian-gcc, r-devel-linux-x86_64-fedora-clang, r-devel-linux-x86_64-fedora-gcc, r-patched-linux-x86_64, r-release-linux-x86_64