CRAN Package Check Results for Package Bmix

Last updated on 2018-09-17 22:50:53 CEST.

Flavor Version Tinstall Tcheck Ttotal Status Flags
r-devel-linux-x86_64-debian-clang 0.6 9.00 18.41 27.41 NOTE
r-devel-linux-x86_64-debian-gcc 0.6 6.57 15.08 21.65 NOTE
r-devel-linux-x86_64-fedora-clang 0.6 37.25 NOTE
r-devel-linux-x86_64-fedora-gcc 0.6 32.87 NOTE
r-devel-windows-ix86+x86_64 0.6 23.00 44.00 67.00 OK
r-patched-linux-x86_64 0.6 7.69 16.96 24.65 NOTE
r-patched-solaris-x86 0.6 43.70 OK
r-release-linux-x86_64 0.6 8.66 17.24 25.90 NOTE
r-release-windows-ix86+x86_64 0.6 24.00 42.00 66.00 OK
r-release-osx-x86_64 0.6 OK
r-oldrel-windows-ix86+x86_64 0.6 26.00 59.00 85.00 OK
r-oldrel-osx-x86_64 0.6 OK

Check Details

Version: 0.6
Check: compiled code
Result: NOTE
    File ‘Bmix/libs/Bmix.so’:
     Found no calls to: ‘R_registerRoutines’, ‘R_useDynamicSymbols’
    
    It is good practice to register native routines and to disable symbol
    search.
    
    See ‘Writing portable packages’ in the ‘Writing R Extensions’ manual.
Flavors: r-devel-linux-x86_64-debian-clang, r-devel-linux-x86_64-debian-gcc, r-devel-linux-x86_64-fedora-clang, r-devel-linux-x86_64-fedora-gcc, r-patched-linux-x86_64, r-release-linux-x86_64