CRAN Package Check Results for Package Bmix

Last updated on 2018-12-11 21:48:40 CET.

Flavor Version Tinstall Tcheck Ttotal Status Flags
r-devel-linux-x86_64-debian-clang 0.6 8.66 18.46 27.12 OK
r-devel-linux-x86_64-debian-gcc 0.6 7.07 15.20 22.27 OK
r-devel-linux-x86_64-fedora-clang 0.6 36.10 NOTE
r-devel-linux-x86_64-fedora-gcc 0.6 31.71 NOTE
r-devel-windows-ix86+x86_64 0.6 30.00 65.00 95.00 OK
r-patched-linux-x86_64 0.6 8.85 17.33 26.18 OK
r-patched-solaris-x86 0.6 45.80 OK
r-release-linux-x86_64 0.6 7.67 17.38 25.05 OK
r-release-windows-ix86+x86_64 0.6 24.00 42.00 66.00 OK
r-release-osx-x86_64 0.6 OK
r-oldrel-windows-ix86+x86_64 0.6 23.00 51.00 74.00 OK
r-oldrel-osx-x86_64 0.6 OK

Check Details

Version: 0.6
Check: compiled code
Result: NOTE
    File ‘Bmix/libs/Bmix.so’:
     Found no calls to: ‘R_registerRoutines’, ‘R_useDynamicSymbols’
    
    It is good practice to register native routines and to disable symbol
    search.
    
    See ‘Writing portable packages’ in the ‘Writing R Extensions’ manual.
Flavors: r-devel-linux-x86_64-fedora-clang, r-devel-linux-x86_64-fedora-gcc