CRAN Package Check Results for Package Bmix

Last updated on 2018-02-20 22:47:51 CET.

Flavor Version Tinstall Tcheck Ttotal Status Flags
r-devel-linux-x86_64-debian-clang 0.6 7.99 17.08 25.07 NOTE
r-devel-linux-x86_64-debian-gcc 0.6 5.95 13.63 19.58 NOTE
r-devel-linux-x86_64-fedora-clang 0.6 33.02 NOTE
r-devel-linux-x86_64-fedora-gcc 0.6 28.96 NOTE
r-devel-windows-ix86+x86_64 0.6 34.00 58.00 92.00 OK
r-patched-linux-x86_64 0.6 6.82 16.24 23.06 NOTE
r-patched-solaris-x86 0.6 41.00 OK
r-release-linux-x86_64 0.6 7.53 16.32 23.85 NOTE
r-release-windows-ix86+x86_64 0.6 26.00 37.00 63.00 OK
r-release-osx-x86_64 0.6 OK
r-oldrel-windows-ix86+x86_64 0.6 28.00 57.00 85.00 OK
r-oldrel-osx-x86_64 0.6 OK

Check Details

Version: 0.6
Check: compiled code
Result: NOTE
    File ‘Bmix/libs/Bmix.so’:
     Found no calls to: ‘R_registerRoutines’, ‘R_useDynamicSymbols’
    
    It is good practice to register native routines and to disable symbol
    search.
    
    See ‘Writing portable packages’ in the ‘Writing R Extensions’ manual.
Flavors: r-devel-linux-x86_64-debian-clang, r-devel-linux-x86_64-debian-gcc, r-devel-linux-x86_64-fedora-clang, r-devel-linux-x86_64-fedora-gcc, r-patched-linux-x86_64, r-release-linux-x86_64