CRAN Package Check Results for Package Boom

Last updated on 2019-06-15 22:58:35 CEST.

Flavor Version Tinstall Tcheck Ttotal Status Flags
r-devel-linux-x86_64-debian-clang 0.9.1 1873.82 36.29 1910.11 NOTE
r-devel-linux-x86_64-debian-gcc 0.9.1 1414.28 36.16 1450.44 NOTE
r-devel-linux-x86_64-fedora-clang 0.9.1 2793.19 NOTE
r-devel-linux-x86_64-fedora-gcc 0.9.1 2367.43 NOTE
r-devel-windows-ix86+x86_64 0.9.1 1061.00 54.00 1115.00 NOTE
r-patched-linux-x86_64 0.9.1 1874.70 45.29 1919.99 NOTE
r-release-linux-x86_64 0.9.1 1874.71 44.81 1919.52 NOTE
r-release-windows-ix86+x86_64 0.9.1 881.00 54.00 935.00 NOTE
r-release-osx-x86_64 0.9.1 NOTE
r-oldrel-windows-ix86+x86_64 0.9.1 767.00 51.00 818.00 NOTE
r-oldrel-osx-x86_64 0.9.1 NOTE

Check Details

Version: 0.9.1
Check: for GNU extensions in Makefiles
Result: NOTE
    GNU make is a SystemRequirements.
Flavors: r-devel-linux-x86_64-debian-clang, r-devel-linux-x86_64-debian-gcc, r-devel-linux-x86_64-fedora-clang, r-devel-linux-x86_64-fedora-gcc, r-devel-windows-ix86+x86_64, r-patched-linux-x86_64, r-release-linux-x86_64, r-release-windows-ix86+x86_64, r-release-osx-x86_64, r-oldrel-windows-ix86+x86_64, r-oldrel-osx-x86_64

Version: 0.9.1
Check: for non-standard things in the check directory
Result: NOTE
    Found the following files/directories:
     'example.data'
Flavors: r-devel-linux-x86_64-debian-clang, r-devel-linux-x86_64-debian-gcc, r-devel-linux-x86_64-fedora-clang, r-devel-linux-x86_64-fedora-gcc

Version: 0.9.1
Check: installed package size
Result: NOTE
     installed size is 389.8Mb
     sub-directories of 1Mb or more:
     include 8.8Mb
     lib 380.5Mb
Flavors: r-devel-linux-x86_64-fedora-clang, r-devel-windows-ix86+x86_64, r-release-windows-ix86+x86_64, r-release-osx-x86_64, r-oldrel-windows-ix86+x86_64, r-oldrel-osx-x86_64