CRAN Package Check Results for Package Boom

Last updated on 2020-07-11 22:49:56 CEST.

Flavor Version Tinstall Tcheck Ttotal Status Flags
r-devel-linux-x86_64-debian-clang 0.9.6 1896.07 38.24 1934.31 WARN
r-devel-linux-x86_64-debian-gcc 0.9.6 1285.93 38.60 1324.53 NOTE
r-devel-linux-x86_64-fedora-clang 0.9.6 2569.67 WARN
r-devel-linux-x86_64-fedora-gcc 0.9.6 2066.22 NOTE
r-devel-windows-ix86+x86_64 0.9.6 3847.00 89.00 3936.00 NOTE
r-patched-linux-x86_64 0.9.6 1609.85 48.83 1658.68 NOTE
r-release-linux-x86_64 0.9.6 1604.02 48.23 1652.25 NOTE
r-release-macos-x86_64 0.9.6 WARN
r-release-windows-ix86+x86_64 0.9.6 3856.00 65.00 3921.00 NOTE
r-oldrel-macos-x86_64 0.9.6 NOTE
r-oldrel-windows-ix86+x86_64 0.9.6 713.00 50.00 763.00 NOTE

Check Details

Version: 0.9.6
Check: whether package can be installed
Result: WARN
    Found the following significant warnings:
     ../inst/include/Models/StateSpace/DynamicRegression.hpp:311:60: warning: 'dat' overrides a member function but is not marked 'override' [-Winconsistent-missing-override]
     ../inst/include/Models/StateSpace/DynamicRegression.hpp:312:66: warning: 'dat' overrides a member function but is not marked 'override' [-Winconsistent-missing-override]
Flavors: r-devel-linux-x86_64-debian-clang, r-devel-linux-x86_64-fedora-clang, r-release-macos-x86_64

Version: 0.9.6
Check: for GNU extensions in Makefiles
Result: NOTE
    GNU make is a SystemRequirements.
Flavors: r-devel-linux-x86_64-debian-clang, r-devel-linux-x86_64-debian-gcc, r-devel-linux-x86_64-fedora-clang, r-devel-linux-x86_64-fedora-gcc, r-devel-windows-ix86+x86_64, r-patched-linux-x86_64, r-release-linux-x86_64, r-release-macos-x86_64, r-release-windows-ix86+x86_64, r-oldrel-macos-x86_64, r-oldrel-windows-ix86+x86_64

Version: 0.9.6
Check: installed package size
Result: NOTE
     installed size is 372.8Mb
     sub-directories of 1Mb or more:
     include 8.8Mb
     lib 363.6Mb
Flavors: r-devel-linux-x86_64-fedora-clang, r-devel-windows-ix86+x86_64, r-release-macos-x86_64, r-release-windows-ix86+x86_64, r-oldrel-macos-x86_64, r-oldrel-windows-ix86+x86_64