CRAN Package Check Results for Package Boom

Last updated on 2019-08-17 22:46:22 CEST.

Flavor Version Tinstall Tcheck Ttotal Status Flags
r-devel-linux-x86_64-debian-clang 0.9.1 1904.80 36.26 1941.06 NOTE
r-devel-linux-x86_64-debian-gcc 0.9.1 1411.19 36.08 1447.27 NOTE
r-devel-linux-x86_64-fedora-clang 0.9.1 NOTE
r-devel-linux-x86_64-fedora-gcc 0.9.1 2659.87 NOTE
r-devel-windows-ix86+x86_64 0.9.1 1084.00 76.00 1160.00 NOTE
r-patched-linux-x86_64 0.9.1 1795.15 44.76 1839.91 NOTE
r-release-linux-x86_64 0.9.1 1790.98 44.93 1835.91 NOTE
r-release-windows-ix86+x86_64 0.9.1 1385.00 72.00 1457.00 NOTE
r-release-osx-x86_64 0.9.1 NOTE
r-oldrel-windows-ix86+x86_64 0.9.1 1298.00 64.00 1362.00 NOTE
r-oldrel-osx-x86_64 0.9.1 NOTE

Check Details

Version: 0.9.1
Check: for GNU extensions in Makefiles
Result: NOTE
    GNU make is a SystemRequirements.
Flavors: r-devel-linux-x86_64-debian-clang, r-devel-linux-x86_64-debian-gcc, r-devel-linux-x86_64-fedora-clang, r-devel-linux-x86_64-fedora-gcc, r-devel-windows-ix86+x86_64, r-patched-linux-x86_64, r-release-linux-x86_64, r-release-windows-ix86+x86_64, r-release-osx-x86_64, r-oldrel-windows-ix86+x86_64, r-oldrel-osx-x86_64

Version: 0.9.1
Check: for non-standard things in the check directory
Result: NOTE
    Found the following files/directories:
     'example.data'
Flavors: r-devel-linux-x86_64-debian-clang, r-devel-linux-x86_64-debian-gcc, r-devel-linux-x86_64-fedora-clang, r-devel-linux-x86_64-fedora-gcc

Version: 0.9.1
Check: installed package size
Result: NOTE
     installed size is 407.2Mb
     sub-directories of 1Mb or more:
     include 8.8Mb
     lib 398.0Mb
Flavors: r-devel-linux-x86_64-fedora-clang, r-devel-windows-ix86+x86_64, r-release-windows-ix86+x86_64, r-release-osx-x86_64, r-oldrel-windows-ix86+x86_64, r-oldrel-osx-x86_64