CRAN Package Check Results for Package Boom

Last updated on 2017-11-17 22:47:01.

Flavor Version Tinstall Tcheck Ttotal Status Flags
r-devel-linux-x86_64-debian-clang 0.7 935.77 20.57 956.33 NOTE
r-devel-linux-x86_64-debian-gcc 0.7 1096.94 52.96 1149.91 NOTE
r-devel-linux-x86_64-fedora-clang 0.7 2112.49 NOTE
r-devel-linux-x86_64-fedora-gcc 0.7 2065.99 NOTE
r-devel-windows-ix86+x86_64 0.7 6301.00 57.00 6358.00 NOTE
r-patched-linux-x86_64 0.7 979.90 50.74 1030.65 NOTE
r-release-linux-x86_64 0.7 987.93 50.71 1038.64 NOTE
r-release-windows-ix86+x86_64 0.7 3970.00 57.00 4027.00 NOTE
r-release-osx-x86_64 0.7 NOTE
r-oldrel-windows-ix86+x86_64 0.7 3817.00 50.00 3867.00 NOTE
r-oldrel-osx-x86_64 0.7 NOTE

Check Details

Version: 0.7
Check: for portable file names
Result: NOTE
    Found the following non-portable file paths:
     Boom/inst/include/Models/Hierarchical/PosteriorSamplers/HierarchicalGaussianRegressionAsisSampler.hpp
     Boom/inst/include/Models/PointProcess/PosteriorSamplers/HomogeneousPoissonProcessPosteriorSampler.hpp
     Boom/inst/include/Models/PointProcess/PosteriorSamplers/MarkovModulatedPoissonProcessPosteriorSampler.hpp
    
    Tarballs are only required to store paths of up to 100 bytes and cannot
    store those of more than 256 bytes, with restrictions including to 100
    bytes for the final component.
    See section ‘Package structure’ in the ‘Writing R Extensions’ manual.
Flavors: r-devel-linux-x86_64-debian-clang, r-devel-linux-x86_64-debian-gcc, r-devel-linux-x86_64-fedora-clang, r-devel-linux-x86_64-fedora-gcc, r-devel-windows-ix86+x86_64, r-patched-linux-x86_64, r-release-linux-x86_64, r-release-windows-ix86+x86_64, r-release-osx-x86_64, r-oldrel-windows-ix86+x86_64, r-oldrel-osx-x86_64

Version: 0.7
Check: for GNU extensions in Makefiles
Result: NOTE
    GNU make is a SystemRequirements.
Flavors: r-devel-linux-x86_64-debian-clang, r-devel-linux-x86_64-debian-gcc, r-devel-linux-x86_64-fedora-clang, r-devel-linux-x86_64-fedora-gcc, r-devel-windows-ix86+x86_64, r-patched-linux-x86_64, r-release-linux-x86_64, r-release-windows-ix86+x86_64, r-release-osx-x86_64, r-oldrel-windows-ix86+x86_64, r-oldrel-osx-x86_64

Version: 0.7
Check: installed package size
Result: NOTE
     installed size is 264.8Mb
     sub-directories of 1Mb or more:
     include 2.9Mb
     lib 261.7Mb
Flavors: r-devel-linux-x86_64-fedora-clang, r-devel-linux-x86_64-fedora-gcc, r-devel-windows-ix86+x86_64, r-release-windows-ix86+x86_64, r-release-osx-x86_64, r-oldrel-windows-ix86+x86_64, r-oldrel-osx-x86_64