Last updated on 2024-04-17 22:59:47 CEST.
Flavor | Version | Tinstall | Tcheck | Ttotal | Status | Flags |
---|---|---|---|---|---|---|
r-devel-linux-x86_64-debian-clang | 0.9.15 | 2034.04 | 51.85 | 2085.89 | NOTE | |
r-devel-linux-x86_64-debian-gcc | 0.9.15 | 1685.84 | 52.35 | 1738.19 | NOTE | |
r-devel-linux-x86_64-fedora-clang | 0.9.15 | 3745.87 | NOTE | |||
r-devel-linux-x86_64-fedora-gcc | 0.9.15 | 3409.62 | NOTE | |||
r-prerel-macos-arm64 | 0.9.15 | 515.00 | NOTE | |||
r-prerel-macos-x86_64 | 0.9.15 | 462.00 | NOTE | |||
r-prerel-windows-x86_64 | 0.9.15 | 1728.00 | 79.00 | 1807.00 | NOTE | |
r-patched-linux-x86_64 | 0.9.15 | 2137.68 | 66.77 | 2204.45 | NOTE | |
r-release-linux-x86_64 | 0.9.15 | 2118.71 | 64.54 | 2183.25 | NOTE | |
r-release-macos-arm64 | 0.9.15 | 596.00 | NOTE | |||
r-release-macos-x86_64 | 0.9.15 | 460.00 | NOTE | |||
r-release-windows-x86_64 | 0.9.15 | 1622.00 | 86.00 | 1708.00 | NOTE | |
r-oldrel-macos-arm64 | 0.9.15 | 583.00 | NOTE | |||
r-oldrel-windows-x86_64 | 0.9.15 | 2070.00 | 91.00 | 2161.00 | NOTE |
Version: 0.9.15
Check: for GNU extensions in Makefiles
Result: NOTE
GNU make is a SystemRequirements.
Flavors: r-devel-linux-x86_64-debian-clang, r-devel-linux-x86_64-debian-gcc, r-devel-linux-x86_64-fedora-clang, r-devel-linux-x86_64-fedora-gcc, r-prerel-macos-arm64, r-prerel-macos-x86_64, r-prerel-windows-x86_64, r-patched-linux-x86_64, r-release-linux-x86_64, r-release-macos-arm64, r-release-macos-x86_64, r-release-windows-x86_64, r-oldrel-macos-arm64, r-oldrel-windows-x86_64
Version: 0.9.15
Check: installed package size
Result: NOTE
installed size is 46.5Mb
sub-directories of 1Mb or more:
include 10.7Mb
lib 35.4Mb
Flavors: r-devel-linux-x86_64-fedora-clang, r-prerel-macos-arm64, r-prerel-macos-x86_64, r-prerel-windows-x86_64, r-release-macos-arm64, r-release-macos-x86_64, r-release-windows-x86_64, r-oldrel-macos-arm64, r-oldrel-windows-x86_64