CRAN Package Check Results for Package BoomSpikeSlab

Last updated on 2018-09-23 22:46:49 CEST.

Flavor Version Tinstall Tcheck Ttotal Status Flags
r-devel-linux-x86_64-debian-clang 1.0.0 34.98 50.34 85.32 OK
r-devel-linux-x86_64-debian-gcc 1.0.0 35.98 38.72 74.70 OK
r-devel-linux-x86_64-fedora-clang 1.0.0 113.82 NOTE
r-devel-linux-x86_64-fedora-gcc 1.0.0 108.88 OK
r-devel-windows-ix86+x86_64 1.0.0 133.00 131.00 264.00 NOTE
r-patched-linux-x86_64 1.0.0 1.13 2.39 3.52 ERROR
r-release-linux-x86_64 1.0.0 1.14 2.50 3.64 ERROR
r-release-windows-ix86+x86_64 1.0.0 90.00 149.00 239.00 NOTE
r-release-osx-x86_64 1.0.0 NOTE
r-oldrel-windows-ix86+x86_64 1.0.0 83.00 149.00 232.00 NOTE
r-oldrel-osx-x86_64 1.0.0 NOTE

Check Details

Version: 1.0.0
Check: installed package size
Result: NOTE
     installed size is 86.9Mb
     sub-directories of 1Mb or more:
     libs 86.5Mb
Flavors: r-devel-linux-x86_64-fedora-clang, r-devel-windows-ix86+x86_64, r-release-windows-ix86+x86_64, r-release-osx-x86_64, r-oldrel-windows-ix86+x86_64, r-oldrel-osx-x86_64

Version: 1.0.0
Check: whether package can be installed
Result: ERROR
    Installation failed.
Flavors: r-patched-linux-x86_64, r-release-linux-x86_64