CRAN Package Check Results for Package BoomSpikeSlab

Last updated on 2019-08-21 22:48:35 CEST.

Flavor Version Tinstall Tcheck Ttotal Status Flags
r-devel-linux-x86_64-debian-clang 1.1.1 43.75 51.99 95.74 OK
r-devel-linux-x86_64-debian-gcc 1.1.1 OK
r-devel-linux-x86_64-fedora-clang 1.1.1 130.72 NOTE
r-devel-linux-x86_64-fedora-gcc 1.1.1 134.42 OK
r-devel-windows-ix86+x86_64 1.1.1 108.00 162.00 270.00 NOTE
r-patched-linux-x86_64 1.1.1 48.91 49.02 97.93 OK
r-release-linux-x86_64 1.1.1 46.32 49.95 96.27 OK
r-release-windows-ix86+x86_64 1.1.1 103.00 119.00 222.00 NOTE
r-release-osx-x86_64 1.1.1 NOTE
r-oldrel-windows-ix86+x86_64 1.1.1 148.00 149.00 297.00 NOTE
r-oldrel-osx-x86_64 1.1.1 NOTE

Check Details

Version: 1.1.1
Check: installed package size
Result: NOTE
     installed size is 78.4Mb
     sub-directories of 1Mb or more:
     libs 77.8Mb
Flavors: r-devel-linux-x86_64-fedora-clang, r-devel-windows-ix86+x86_64, r-release-windows-ix86+x86_64, r-release-osx-x86_64, r-oldrel-windows-ix86+x86_64, r-oldrel-osx-x86_64