CRAN Package Check Results for Package BoomSpikeSlab

Last updated on 2019-06-16 22:49:17 CEST.

Flavor Version Tinstall Tcheck Ttotal Status Flags
r-devel-linux-x86_64-debian-clang 1.1.1 42.89 52.07 94.96 OK
r-devel-linux-x86_64-debian-gcc 1.1.1 38.73 38.60 77.33 OK
r-devel-linux-x86_64-fedora-clang 1.1.1 125.38 NOTE
r-devel-linux-x86_64-fedora-gcc 1.1.1 122.48 OK
r-devel-windows-ix86+x86_64 1.1.1 145.00 132.00 277.00 NOTE
r-patched-linux-x86_64 1.1.1 50.11 50.46 100.57 OK
r-release-linux-x86_64 1.1.1 50.20 51.30 101.50 OK
r-release-windows-ix86+x86_64 1.1.1 114.00 131.00 245.00 NOTE
r-release-osx-x86_64 1.1.1 NOTE
r-oldrel-windows-ix86+x86_64 1.1.1 85.00 118.00 203.00 NOTE
r-oldrel-osx-x86_64 1.1.1 NOTE

Check Details

Version: 1.1.1
Check: installed package size
Result: NOTE
     installed size is 75.7Mb
     sub-directories of 1Mb or more:
     libs 75.1Mb
Flavors: r-devel-linux-x86_64-fedora-clang, r-devel-windows-ix86+x86_64, r-release-windows-ix86+x86_64, r-release-osx-x86_64, r-oldrel-windows-ix86+x86_64, r-oldrel-osx-x86_64