CRAN Package Check Results for Package BoomSpikeSlab

Last updated on 2018-06-24 22:49:11 CEST.

Flavor Version Tinstall Tcheck Ttotal Status Flags
r-devel-linux-x86_64-debian-clang 1.0.0 33.36 52.09 85.45 OK
r-devel-linux-x86_64-debian-gcc 1.0.0 30.88 37.86 68.74 OK
r-devel-linux-x86_64-fedora-clang 1.0.0 112.33 NOTE
r-devel-linux-x86_64-fedora-gcc 1.0.0 109.12 OK
r-devel-windows-ix86+x86_64 1.0.0 129.00 130.00 259.00 NOTE
r-patched-linux-x86_64 1.0.0 1.20 2.48 3.68 ERROR
r-release-linux-x86_64 1.0.0 40.59 48.38 88.97 OK
r-release-windows-ix86+x86_64 1.0.0 119.00 159.00 278.00 NOTE
r-release-osx-x86_64 1.0.0 NOTE
r-oldrel-windows-ix86+x86_64 1.0.0 124.00 150.00 274.00 NOTE
r-oldrel-osx-x86_64 1.0.0 NOTE

Check Details

Version: 1.0.0
Check: installed package size
Result: NOTE
     installed size is 84.6Mb
     sub-directories of 1Mb or more:
     libs 84.1Mb
Flavors: r-devel-linux-x86_64-fedora-clang, r-devel-windows-ix86+x86_64, r-release-windows-ix86+x86_64, r-release-osx-x86_64, r-oldrel-windows-ix86+x86_64, r-oldrel-osx-x86_64

Version: 1.0.0
Check: whether package can be installed
Result: ERROR
    Installation failed.
Flavor: r-patched-linux-x86_64