CRAN Package Check Results for Package BoomSpikeSlab

Last updated on 2020-07-11 22:49:56 CEST.

Flavor Version Tinstall Tcheck Ttotal Status Flags
r-devel-linux-x86_64-debian-clang 1.2.3 50.18 110.38 160.56 OK
r-devel-linux-x86_64-debian-gcc 1.2.3 41.43 76.67 118.10 OK
r-devel-linux-x86_64-fedora-clang 1.2.3 208.65 NOTE
r-devel-linux-x86_64-fedora-gcc 1.2.3 190.13 OK
r-devel-windows-ix86+x86_64 1.2.3 116.00 311.00 427.00 NOTE
r-patched-linux-x86_64 1.2.3 45.28 109.80 155.08 OK
r-release-linux-x86_64 1.2.3 47.71 111.55 159.26 OK
r-release-macos-x86_64 1.2.3 NOTE
r-release-windows-ix86+x86_64 1.2.3 121.00 239.00 360.00 NOTE
r-oldrel-macos-x86_64 1.2.3 NOTE
r-oldrel-windows-ix86+x86_64 1.2.3 127.00 251.00 378.00 NOTE

Check Details

Version: 1.2.3
Check: installed package size
Result: NOTE
     installed size is 80.8Mb
     sub-directories of 1Mb or more:
     libs 80.2Mb
Flavors: r-devel-linux-x86_64-fedora-clang, r-devel-windows-ix86+x86_64, r-release-macos-x86_64, r-release-windows-ix86+x86_64, r-oldrel-macos-x86_64, r-oldrel-windows-ix86+x86_64