CRAN Package Check Results for Package BoomSpikeSlab

Last updated on 2018-02-24 22:47:20 CET.

Flavor Version Tinstall Tcheck Ttotal Status Flags
r-devel-linux-x86_64-debian-clang 0.9.0 29.61 46.30 75.91 OK
r-devel-linux-x86_64-debian-gcc 0.9.0 25.56 35.19 60.75 OK
r-devel-linux-x86_64-fedora-clang 0.9.0 101.57 NOTE
r-devel-linux-x86_64-fedora-gcc 0.9.0 106.14 NOTE
r-devel-windows-ix86+x86_64 0.9.0 123.00 139.00 262.00 NOTE
r-patched-linux-x86_64 0.9.0 32.41 46.19 78.60 OK
r-release-linux-x86_64 0.9.0 30.94 46.63 77.57 OK
r-release-windows-ix86+x86_64 0.9.0 137.00 143.00 280.00 NOTE
r-release-osx-x86_64 0.9.0 NOTE
r-oldrel-windows-ix86+x86_64 0.9.0 77.00 138.00 215.00 NOTE
r-oldrel-osx-x86_64 0.9.0 NOTE

Additional issues

clang-ASAN rchk

Check Details

Version: 0.9.0
Check: installed package size
Result: NOTE
     installed size is 48.5Mb
     sub-directories of 1Mb or more:
     libs 48.1Mb
Flavors: r-devel-linux-x86_64-fedora-clang, r-devel-linux-x86_64-fedora-gcc, r-devel-windows-ix86+x86_64, r-release-windows-ix86+x86_64, r-release-osx-x86_64, r-oldrel-windows-ix86+x86_64, r-oldrel-osx-x86_64