CRAN Package Check Results for Package BoomSpikeSlab

Last updated on 2017-11-21 22:47:45 CET.

Flavor Version Tinstall Tcheck Ttotal Status Flags
r-devel-linux-x86_64-debian-clang 0.9.0 18.59 27.60 46.19 OK
r-devel-linux-x86_64-debian-gcc 0.9.0 25.33 62.77 88.09 OK
r-devel-linux-x86_64-fedora-clang 0.9.0 92.88 NOTE
r-devel-linux-x86_64-fedora-gcc 0.9.0 98.41 NOTE
r-devel-windows-ix86+x86_64 0.9.0 101.00 118.00 219.00 NOTE
r-patched-linux-x86_64 0.9.0 21.82 29.20 51.03 OK
r-release-linux-x86_64 0.9.0 21.57 28.62 50.19 OK
r-release-windows-ix86+x86_64 0.9.0 78.00 98.00 176.00 NOTE
r-release-osx-x86_64 0.9.0 NOTE
r-oldrel-windows-ix86+x86_64 0.9.0 66.00 131.00 197.00 NOTE
r-oldrel-osx-x86_64 0.9.0 NOTE

Additional issues

clang-ASAN rchk

Check Details

Version: 0.9.0
Check: installed package size
Result: NOTE
     installed size is 47.0Mb
     sub-directories of 1Mb or more:
     libs 46.6Mb
Flavors: r-devel-linux-x86_64-fedora-clang, r-devel-linux-x86_64-fedora-gcc, r-devel-windows-ix86+x86_64, r-release-windows-ix86+x86_64, r-release-osx-x86_64, r-oldrel-windows-ix86+x86_64, r-oldrel-osx-x86_64