Last updated on 2023-12-01 21:53:59 CET.
Flavor | Version | Tinstall | Tcheck | Ttotal | Status | Flags |
---|---|---|---|---|---|---|
r-devel-linux-x86_64-debian-clang | 1.0.3 | 64.79 | 43.05 | 107.84 | OK | |
r-devel-linux-x86_64-debian-gcc | 1.0.3 | 52.25 | 32.81 | 85.06 | OK | |
r-devel-linux-x86_64-fedora-clang | 1.0.3 | 140.45 | OK | |||
r-devel-linux-x86_64-fedora-gcc | 1.0.3 | 161.23 | OK | |||
r-devel-windows-x86_64 | 1.0.3 | 47.00 | 76.00 | 123.00 | OK | |
r-patched-linux-x86_64 | 1.0.3 | 55.22 | 41.27 | 96.49 | OK | |
r-release-linux-x86_64 | 1.0.3 | 57.48 | 42.02 | 99.50 | OK | |
r-release-macos-arm64 | 1.0.3 | 43.00 | OK | |||
r-release-macos-x86_64 | 1.0.3 | 71.00 | NOTE | |||
r-release-windows-x86_64 | 1.0.3 | 61.00 | 80.00 | 141.00 | OK | |
r-oldrel-macos-arm64 | 1.0.3 | 42.00 | OK | |||
r-oldrel-macos-x86_64 | 1.0.3 | 190.00 | NOTE | |||
r-oldrel-windows-x86_64 | 1.0.3 | 60.00 | 81.00 | 141.00 | OK |
Version: 1.0.3
Check: installed package size
Result: NOTE
installed size is 5.1Mb
sub-directories of 1Mb or more:
libs 4.7Mb
Flavors: r-release-macos-x86_64, r-oldrel-macos-x86_64