CRAN Package Check Results for Package BootstrapQTL

Last updated on 2024-03-02 22:41:49 CET.

Flavor Version Tinstall Tcheck Ttotal Status Flags
r-devel-linux-x86_64-debian-clang 1.0.5 3.36 42.23 45.59 OK
r-devel-linux-x86_64-debian-gcc 1.0.5 2.74 32.75 35.49 OK
r-devel-linux-x86_64-fedora-clang 1.0.5 59.60 OK
r-devel-linux-x86_64-fedora-gcc 1.0.5 53.82 OK
r-devel-windows-x86_64 1.0.5 3.00 53.00 56.00 NOTE
r-patched-linux-x86_64 1.0.5 2.47 41.52 43.99 OK
r-release-linux-x86_64 1.0.5 3.43 41.55 44.98 OK
r-release-macos-arm64 1.0.5 22.00 OK
r-release-macos-x86_64 1.0.5 32.00 OK
r-release-windows-x86_64 1.0.5 5.00 57.00 62.00 NOTE
r-oldrel-macos-arm64 1.0.5 23.00 OK
r-oldrel-windows-x86_64 1.0.5 6.00 66.00 72.00 NOTE

Check Details

Version: 1.0.5
Check: package dependencies
Result: NOTE Package suggested but not available for checking: 'doMC' Flavors: r-devel-windows-x86_64, r-release-windows-x86_64, r-oldrel-windows-x86_64