Last updated on 2023-12-09 21:54:11 CET.
Flavor | Version | Tinstall | Tcheck | Ttotal | Status | Flags |
---|---|---|---|---|---|---|
r-devel-linux-x86_64-debian-clang | 2.1.3 | 169.19 | 53.43 | 222.62 | OK | |
r-devel-linux-x86_64-debian-gcc | 2.1.3 | 114.47 | 39.43 | 153.90 | OK | |
r-devel-linux-x86_64-fedora-clang | 2.1.3 | 264.85 | OK | |||
r-devel-linux-x86_64-fedora-gcc | 2.1.3 | 273.94 | OK | |||
r-devel-windows-x86_64 | 2.1.3 | 131.00 | 88.00 | 219.00 | OK | |
r-patched-linux-x86_64 | 2.1.2 | 141.28 | 51.15 | 192.43 | OK | |
r-release-linux-x86_64 | 2.1.2 | 135.73 | 50.10 | 185.83 | OK | |
r-release-macos-arm64 | 2.1.3 | 101.00 | NOTE | |||
r-release-macos-x86_64 | 2.1.3 | 143.00 | NOTE | |||
r-release-windows-x86_64 | 2.1.2 | 153.00 | 105.00 | 258.00 | OK | |
r-oldrel-macos-arm64 | 2.1.3 | 80.00 | NOTE | |||
r-oldrel-macos-x86_64 | 2.1.2 | 119.00 | NOTE | |||
r-oldrel-windows-x86_64 | 2.1.2 | 145.00 | 99.00 | 244.00 | OK |
Version: 2.1.3
Check: installed package size
Result: NOTE
installed size is 7.8Mb
sub-directories of 1Mb or more:
libs 7.4Mb
Flavors: r-release-macos-arm64, r-release-macos-x86_64, r-oldrel-macos-arm64
Version: 2.1.2
Check: installed package size
Result: NOTE
installed size is 7.4Mb
sub-directories of 1Mb or more:
libs 7.0Mb
Flavor: r-oldrel-macos-x86_64