Last updated on 2024-03-28 23:01:40 CET.
Flavor | Version | Tinstall | Tcheck | Ttotal | Status | Flags |
---|---|---|---|---|---|---|
r-devel-linux-x86_64-debian-clang | 1.1 | 2.19 | 27.55 | 29.74 | NOTE | |
r-devel-linux-x86_64-debian-gcc | 1.1 | 2.01 | 21.80 | 23.81 | NOTE | |
r-devel-linux-x86_64-fedora-clang | 1.1 | 38.47 | NOTE | |||
r-devel-linux-x86_64-fedora-gcc | 1.1 | 37.76 | NOTE | |||
r-devel-windows-x86_64 | 1.1 | 4.00 | 48.00 | 52.00 | NOTE | |
r-patched-linux-x86_64 | 1.1 | 2.34 | 27.18 | 29.52 | NOTE | |
r-release-linux-x86_64 | 1.1 | 2.89 | 26.98 | 29.87 | NOTE | |
r-release-macos-arm64 | 1.1 | 16.00 | NOTE | |||
r-release-macos-x86_64 | 1.1 | 22.00 | NOTE | |||
r-release-windows-x86_64 | 1.1 | 4.00 | 48.00 | 52.00 | NOTE | |
r-oldrel-macos-arm64 | 1.1 | 17.00 | NOTE | |||
r-oldrel-windows-x86_64 | 1.1 | 4.00 | 51.00 | 55.00 | NOTE |
Version: 1.1
Check: LazyData
Result: NOTE
'LazyData' is specified without a 'data' directory
Flavors: r-devel-linux-x86_64-debian-clang, r-devel-linux-x86_64-debian-gcc, r-devel-linux-x86_64-fedora-clang, r-devel-linux-x86_64-fedora-gcc, r-devel-windows-x86_64, r-patched-linux-x86_64, r-release-linux-x86_64, r-release-macos-arm64, r-release-macos-x86_64, r-release-windows-x86_64, r-oldrel-macos-arm64, r-oldrel-windows-x86_64
Version: 1.1
Check: Rd cross-references
Result: NOTE
Undeclared packages ‘Hmisc’, ‘gtools’ in Rd xrefs
Flavor: r-devel-linux-x86_64-fedora-clang