CRAN Package Check Results for Package CADStat

Last updated on 2024-02-22 21:51:35 CET.

Flavor Version Tinstall Tcheck Ttotal Status Flags
r-devel-linux-x86_64-debian-clang 3.0.8 NOTE
r-devel-linux-x86_64-debian-gcc 3.0.8 11.99 94.37 106.36 NOTE
r-devel-linux-x86_64-fedora-clang 3.0.8 172.11 NOTE
r-devel-linux-x86_64-fedora-gcc 3.0.8 172.18 NOTE
r-devel-windows-x86_64 3.0.8 14.00 104.00 118.00 NOTE
r-patched-linux-x86_64 3.0.8 16.93 123.69 140.62 NOTE
r-release-linux-x86_64 3.0.8 13.36 127.00 140.36 NOTE
r-release-macos-arm64 3.0.8 56.00 NOTE
r-release-macos-x86_64 3.0.8 101.00 NOTE
r-release-windows-x86_64 3.0.8 17.00 120.00 137.00 NOTE
r-oldrel-macos-arm64 3.0.8 78.00 NOTE
r-oldrel-windows-x86_64 3.0.8 19.00 117.00 136.00 NOTE

Check Details

Version: 3.0.8
Check: LazyData
Result: NOTE 'LazyData' is specified without a 'data' directory Flavors: r-devel-linux-x86_64-debian-clang, r-devel-linux-x86_64-debian-gcc, r-devel-linux-x86_64-fedora-clang, r-devel-linux-x86_64-fedora-gcc, r-devel-windows-x86_64, r-patched-linux-x86_64, r-release-linux-x86_64, r-release-macos-arm64, r-release-macos-x86_64, r-release-windows-x86_64, r-oldrel-macos-arm64, r-oldrel-windows-x86_64