Last updated on 2023-06-04 22:59:54 CEST.
Flavor | Version | Tinstall | Tcheck | Ttotal | Status | Flags |
---|---|---|---|---|---|---|
r-devel-linux-x86_64-debian-clang | 1.0.16 | 8.17 | 62.07 | 70.24 | OK | |
r-devel-linux-x86_64-debian-gcc | 1.0.16 | 7.16 | 46.99 | 54.15 | OK | |
r-devel-linux-x86_64-fedora-clang | 1.0.16 | 88.87 | OK | |||
r-devel-linux-x86_64-fedora-gcc | 1.0.16 | 99.56 | OK | |||
r-devel-windows-x86_64 | 1.0.16 | 10.00 | 67.00 | 77.00 | OK | |
r-patched-linux-x86_64 | 1.0.16 | 9.14 | 58.28 | 67.42 | OK | |
r-release-linux-x86_64 | 1.0.16 | 8.93 | 59.26 | 68.19 | OK | |
r-release-macos-arm64 | 1.0.16 | 37.00 | OK | |||
r-release-macos-x86_64 | 1.0.12 | 50.00 | NOTE | |||
r-release-windows-x86_64 | 1.0.16 | 12.00 | 77.00 | 89.00 | OK | |
r-oldrel-macos-arm64 | 1.0.16 | 31.00 | OK | |||
r-oldrel-macos-x86_64 | 1.0.16 | 46.00 | OK | |||
r-oldrel-windows-x86_64 | 1.0.16 | 12.00 | 78.00 | 90.00 | OK |
Version: 1.0.12
Check: package dependencies
Result: NOTE
Packages suggested but not available for checking:
'AnnotationDbi', 'KEGGREST', 'GO.db'
Flavor: r-release-macos-x86_64