Last updated on 2024-05-03 22:53:08 CEST.
Flavor | Version | Tinstall | Tcheck | Ttotal | Status | Flags |
---|---|---|---|---|---|---|
r-devel-linux-x86_64-debian-clang | 0.6.1 | 68.21 | 43.32 | 111.53 | NOTE | |
r-devel-linux-x86_64-fedora-clang | 0.6.1 | 181.62 | NOTE | |||
r-devel-linux-x86_64-fedora-gcc | 0.6.1 | 164.62 | NOTE | |||
r-devel-windows-x86_64 | 0.6.1 | 58.00 | 95.00 | 153.00 | NOTE | |
r-patched-linux-x86_64 | 0.6.1 | 67.23 | 41.15 | 108.38 | NOTE | |
r-release-linux-x86_64 | 0.6.1 | 63.15 | 40.64 | 103.79 | NOTE | |
r-release-macos-arm64 | 0.6.1 | 46.00 | NOTE | |||
r-release-windows-x86_64 | 0.6.1 | 59.00 | 92.00 | 151.00 | NOTE | |
r-oldrel-macos-arm64 | 0.6.1 | 48.00 | NOTE | |||
r-oldrel-macos-x86_64 | 0.6.1 | 86.00 | NOTE | |||
r-oldrel-windows-x86_64 | 0.6.1 | 55.00 | 97.00 | 152.00 | NOTE |
Version: 0.6.1
Check: C++ specification
Result: NOTE
Specified C++11: please drop specification unless essential
Flavors: r-devel-linux-x86_64-debian-clang, r-devel-linux-x86_64-fedora-clang, r-devel-linux-x86_64-fedora-gcc, r-devel-windows-x86_64, r-patched-linux-x86_64, r-release-linux-x86_64, r-release-macos-arm64, r-release-windows-x86_64, r-oldrel-macos-arm64, r-oldrel-macos-x86_64, r-oldrel-windows-x86_64
Version: 0.6.1
Check: LazyData
Result: NOTE
'LazyData' is specified without a 'data' directory
Flavors: r-devel-linux-x86_64-debian-clang, r-devel-linux-x86_64-fedora-clang, r-devel-linux-x86_64-fedora-gcc, r-devel-windows-x86_64, r-patched-linux-x86_64, r-release-linux-x86_64, r-release-macos-arm64, r-release-windows-x86_64, r-oldrel-macos-arm64, r-oldrel-macos-x86_64, r-oldrel-windows-x86_64
Version: 0.6.1
Check: installed package size
Result: NOTE
installed size is 5.6Mb
sub-directories of 1Mb or more:
libs 4.8Mb
Flavors: r-release-macos-arm64, r-oldrel-macos-arm64, r-oldrel-macos-x86_64