Last updated on 2023-12-01 21:54:00 CET.
Flavor | Version | Tinstall | Tcheck | Ttotal | Status | Flags |
---|---|---|---|---|---|---|
r-devel-linux-x86_64-debian-clang | 0.6.1 | 75.01 | 41.26 | 116.27 | NOTE | |
r-devel-linux-x86_64-debian-gcc | 0.6.1 | 50.37 | 31.78 | 82.15 | NOTE | |
r-devel-linux-x86_64-fedora-clang | 0.6.1 | 181.11 | NOTE | |||
r-devel-linux-x86_64-fedora-gcc | 0.6.1 | 159.01 | NOTE | |||
r-devel-windows-x86_64 | 0.6.1 | 49.00 | 88.00 | 137.00 | NOTE | |
r-patched-linux-x86_64 | 0.6.1 | 67.60 | 39.76 | 107.36 | NOTE | |
r-release-linux-x86_64 | 0.6.1 | 66.92 | 39.75 | 106.67 | NOTE | |
r-release-macos-arm64 | 0.6.1 | 48.00 | NOTE | |||
r-release-macos-x86_64 | 0.6.1 | 86.00 | NOTE | |||
r-release-windows-x86_64 | 0.6.1 | 56.00 | 99.00 | 155.00 | NOTE | |
r-oldrel-macos-arm64 | 0.6.1 | 40.00 | NOTE | |||
r-oldrel-macos-x86_64 | 0.6.1 | 70.00 | NOTE | |||
r-oldrel-windows-x86_64 | 0.6.1 | 70.00 | 79.00 | 149.00 | NOTE |
Version: 0.6.1
Check: C++ specification
Result: NOTE
Specified C++11: please drop specification unless essential
Flavors: r-devel-linux-x86_64-debian-clang, r-devel-linux-x86_64-debian-gcc, r-devel-linux-x86_64-fedora-clang, r-devel-linux-x86_64-fedora-gcc, r-devel-windows-x86_64, r-patched-linux-x86_64, r-release-linux-x86_64, r-release-macos-arm64, r-release-macos-x86_64, r-release-windows-x86_64
Version: 0.6.1
Check: LazyData
Result: NOTE
'LazyData' is specified without a 'data' directory
Flavors: r-devel-linux-x86_64-debian-clang, r-devel-linux-x86_64-debian-gcc, r-devel-linux-x86_64-fedora-clang, r-devel-linux-x86_64-fedora-gcc, r-devel-windows-x86_64, r-patched-linux-x86_64, r-release-linux-x86_64, r-release-macos-arm64, r-release-macos-x86_64, r-release-windows-x86_64, r-oldrel-macos-arm64, r-oldrel-macos-x86_64, r-oldrel-windows-x86_64
Version: 0.6.1
Check: installed package size
Result: NOTE
installed size is 5.8Mb
sub-directories of 1Mb or more:
libs 5.1Mb
Flavors: r-release-macos-arm64, r-release-macos-x86_64, r-oldrel-macos-arm64, r-oldrel-macos-x86_64