Last updated on 2024-03-28 23:01:40 CET.
Flavor | Version | Tinstall | Tcheck | Ttotal | Status | Flags |
---|---|---|---|---|---|---|
r-devel-linux-x86_64-debian-clang | 2.0 | 1.61 | 19.49 | 21.10 | NOTE | |
r-devel-linux-x86_64-debian-gcc | 2.0 | 1.61 | 15.77 | 17.38 | NOTE | |
r-devel-linux-x86_64-fedora-clang | 2.0 | 27.29 | NOTE | |||
r-devel-linux-x86_64-fedora-gcc | 2.0 | 27.19 | NOTE | |||
r-devel-windows-x86_64 | 2.0 | 3.00 | 36.00 | 39.00 | NOTE | |
r-patched-linux-x86_64 | 2.0 | 1.88 | 19.59 | 21.47 | NOTE | |
r-release-linux-x86_64 | 2.0 | 1.89 | 18.93 | 20.82 | NOTE | |
r-release-macos-arm64 | 2.0 | 15.00 | NOTE | |||
r-release-macos-x86_64 | 2.0 | 18.00 | NOTE | |||
r-release-windows-x86_64 | 2.0 | 3.00 | 36.00 | 39.00 | NOTE | |
r-oldrel-macos-arm64 | 2.0 | 16.00 | NOTE | |||
r-oldrel-windows-x86_64 | 2.0 | 6.00 | 45.00 | 51.00 | NOTE |
Version: 2.0
Check: LazyData
Result: NOTE
'LazyData' is specified without a 'data' directory
Flavors: r-devel-linux-x86_64-debian-clang, r-devel-linux-x86_64-debian-gcc, r-devel-linux-x86_64-fedora-clang, r-devel-linux-x86_64-fedora-gcc, r-devel-windows-x86_64, r-patched-linux-x86_64, r-release-linux-x86_64, r-release-macos-arm64, r-release-macos-x86_64, r-release-windows-x86_64, r-oldrel-macos-arm64, r-oldrel-windows-x86_64