Last updated on 2024-04-17 22:59:47 CEST.
Flavor | Version | Tinstall | Tcheck | Ttotal | Status | Flags |
---|---|---|---|---|---|---|
r-devel-linux-x86_64-debian-clang | 1.5.2 | 20.95 | 87.69 | 108.64 | NOTE | |
r-devel-linux-x86_64-debian-gcc | 1.5.2 | 13.72 | 61.55 | 75.27 | NOTE | |
r-devel-linux-x86_64-fedora-clang | 1.5.2 | 130.26 | NOTE | |||
r-devel-linux-x86_64-fedora-gcc | 1.5.2 | 126.64 | NOTE | |||
r-prerel-macos-arm64 | 1.5.2 | 127.00 | OK | |||
r-prerel-windows-x86_64 | 1.5.2 | 11.00 | 77.00 | 88.00 | OK | |
r-patched-linux-x86_64 | 1.5.2 | 21.39 | 82.35 | 103.74 | NOTE | |
r-release-linux-x86_64 | 1.5.2 | 15.81 | 72.73 | 88.54 | NOTE | |
r-release-macos-arm64 | 1.5.2 | 38.00 | OK | |||
r-release-macos-x86_64 | 1.5.2 | 58.00 | OK | |||
r-release-windows-x86_64 | 1.5.2 | 14.00 | 78.00 | 92.00 | OK | |
r-oldrel-macos-arm64 | 1.5.2 | 68.00 | OK | |||
r-oldrel-windows-x86_64 | 1.5.2 | 15.00 | 88.00 | 103.00 | OK |
Version: 1.5.2
Check: for non-standard things in the check directory
Result: NOTE
Found the following files/directories:
‘hotcold.csv’
Flavors: r-devel-linux-x86_64-debian-clang, r-devel-linux-x86_64-debian-gcc, r-devel-linux-x86_64-fedora-clang, r-devel-linux-x86_64-fedora-gcc, r-patched-linux-x86_64, r-release-linux-x86_64