CRAN Package Check Results for Package CDNmoney

Last updated on 2024-02-25 23:02:02 CET.

Flavor Version Tinstall Tcheck Ttotal Status Flags
r-devel-linux-x86_64-debian-clang 2012.4-2 2.16 30.83 32.99 NOTE
r-devel-linux-x86_64-debian-gcc 2012.4-2 1.61 24.49 26.10 NOTE
r-devel-linux-x86_64-fedora-clang 2012.4-2 42.47 NOTE
r-devel-linux-x86_64-fedora-gcc 2012.4-2 52.51 NOTE
r-devel-windows-x86_64 2012.4-2 3.00 56.00 59.00 NOTE
r-patched-linux-x86_64 2012.4-2 1.88 31.14 33.02 OK
r-release-linux-x86_64 2012.4-2 2.00 31.25 33.25 OK
r-release-macos-arm64 2012.4-2 26.00 OK
r-release-macos-x86_64 2012.4-2 37.00 OK
r-release-windows-x86_64 2012.4-2 3.00 53.00 56.00 OK
r-oldrel-macos-arm64 2012.4-2 20.00 OK
r-oldrel-windows-x86_64 2012.4-2 5.00 58.00 63.00 OK

Check Details

Version: 2012.4-2
Check: package vignettes
Result: NOTE Package vignette without corresponding tangle output: ‘CDNmoney.Stex’ Flavors: r-devel-linux-x86_64-debian-clang, r-devel-linux-x86_64-debian-gcc, r-devel-linux-x86_64-fedora-clang, r-devel-linux-x86_64-fedora-gcc, r-devel-windows-x86_64