Last updated on 2023-12-03 22:57:02 CET.
Flavor | Version | Tinstall | Tcheck | Ttotal | Status | Flags |
---|---|---|---|---|---|---|
r-devel-linux-x86_64-debian-clang | 2.1.2 | 276.13 | 85.64 | 361.77 | NOTE | |
r-devel-linux-x86_64-debian-gcc | 2.1.2 | 200.78 | 71.18 | 271.96 | NOTE | |
r-devel-linux-x86_64-fedora-clang | 2.1.2 | 464.88 | OK | |||
r-devel-linux-x86_64-fedora-gcc | 2.1.2 | 581.37 | OK | |||
r-devel-windows-x86_64 | 2.1.2 | 201.00 | 122.00 | 323.00 | OK | |
r-patched-linux-x86_64 | 2.1.2 | 173.23 | 90.03 | 263.26 | OK | |
r-release-linux-x86_64 | 2.1.2 | 186.35 | 90.40 | 276.75 | OK | |
r-release-macos-arm64 | 2.1.2 | 104.00 | NOTE | |||
r-release-macos-x86_64 | 2.1.2 | 139.00 | NOTE | |||
r-release-windows-x86_64 | 2.1.2 | 261.00 | 136.00 | 397.00 | OK | |
r-oldrel-macos-arm64 | 2.1.2 | 106.00 | NOTE | |||
r-oldrel-macos-x86_64 | 2.1.2 | 158.00 | NOTE | |||
r-oldrel-windows-x86_64 | 2.1.2 | 246.00 | 135.00 | 381.00 | OK |
Version: 2.1.2
Check: Rd files
Result: NOTE
checkRd: (-1) cdnet.Rd:90: Lost braces in \itemize; meant \describe ?
checkRd: (-1) cdnet.Rd:91: Lost braces in \itemize; meant \describe ?
checkRd: (-1) cdnet.Rd:92: Lost braces in \itemize; meant \describe ?
checkRd: (-1) cdnet.Rd:93: Lost braces in \itemize; meant \describe ?
Flavors: r-devel-linux-x86_64-debian-clang, r-devel-linux-x86_64-debian-gcc
Version: 2.1.2
Check: installed package size
Result: NOTE
installed size is 22.4Mb
sub-directories of 1Mb or more:
libs 22.1Mb
Flavors: r-release-macos-arm64, r-release-macos-x86_64, r-oldrel-macos-arm64, r-oldrel-macos-x86_64