CRAN Package Check Results for Package CERFIT

Last updated on 2023-12-02 21:39:49 CET.

Flavor Version Tinstall Tcheck Ttotal Status Flags
r-devel-linux-x86_64-debian-clang 0.1.0 49.94 80.67 130.61 NOTE
r-devel-linux-x86_64-debian-gcc 0.1.0 32.84 60.93 93.77 NOTE
r-devel-linux-x86_64-fedora-clang 0.1.0 177.25 NOTE
r-devel-linux-x86_64-fedora-gcc 0.1.0 176.68 NOTE
r-devel-windows-x86_64 0.1.0 40.00 96.00 136.00 NOTE
r-patched-linux-x86_64 0.1.0 29.03 79.00 108.03 NOTE
r-release-linux-x86_64 0.1.0 36.49 77.46 113.95 NOTE
r-release-macos-arm64 0.1.0 48.00 NOTE
r-release-macos-x86_64 0.1.0 79.00 NOTE
r-release-windows-x86_64 0.1.0 52.00 110.00 162.00 NOTE
r-oldrel-macos-arm64 0.1.0 43.00 OK
r-oldrel-macos-x86_64 0.1.0 63.00 OK
r-oldrel-windows-x86_64 0.1.0 49.00 106.00 155.00 OK

Check Details

Version: 0.1.0
Check: C++ specification
Result: NOTE Specified C++11: please drop specification unless essential Flavors: r-devel-linux-x86_64-debian-clang, r-devel-linux-x86_64-debian-gcc, r-devel-linux-x86_64-fedora-clang, r-devel-linux-x86_64-fedora-gcc, r-devel-windows-x86_64, r-patched-linux-x86_64, r-release-linux-x86_64, r-release-macos-arm64, r-release-macos-x86_64, r-release-windows-x86_64