CRAN Package Check Results for Package CHNOSZ

Last updated on 2018-07-18 22:49:04 CEST.

Flavor Version Tinstall Tcheck Ttotal Status Flags
r-devel-linux-x86_64-debian-clang 1.1.3 14.71 276.00 290.71 OK
r-devel-linux-x86_64-debian-gcc 1.1.3 12.90 211.69 224.59 OK
r-devel-linux-x86_64-fedora-clang 1.1.3 354.84 OK
r-devel-linux-x86_64-fedora-gcc 1.1.3 357.85 OK
r-devel-windows-ix86+x86_64 1.1.3 41.00 532.00 573.00 NOTE
r-patched-linux-x86_64 1.1.3 14.26 274.26 288.52 OK
r-patched-solaris-x86 1.1.3 452.00 NOTE
r-release-linux-x86_64 1.1.3 15.74 275.37 291.11 OK
r-release-windows-ix86+x86_64 1.1.3 40.00 535.00 575.00 OK
r-release-osx-x86_64 1.1.3 OK
r-oldrel-windows-ix86+x86_64 1.1.3 32.00 598.00 630.00 OK
r-oldrel-osx-x86_64 1.1.3 OK

Check Details

Version: 1.1.3
Check: installed package size
Result: NOTE
     installed size is 5.3Mb
     sub-directories of 1Mb or more:
     doc 2.5Mb
Flavors: r-devel-windows-ix86+x86_64, r-patched-solaris-x86