CRAN Package Check Results for Package CHNOSZ

Last updated on 2018-04-21 22:47:57 CEST.

Flavor Version Tinstall Tcheck Ttotal Status Flags
r-devel-linux-x86_64-debian-clang 1.1.3 16.01 287.32 303.33 OK
r-devel-linux-x86_64-debian-gcc 1.1.3 16.05 217.62 233.67 OK
r-devel-linux-x86_64-fedora-clang 1.1.3 360.16 OK
r-devel-linux-x86_64-fedora-gcc 1.1.3 343.36 OK
r-devel-windows-ix86+x86_64 1.1.3 41.00 375.00 416.00 NOTE
r-devel-osx-x86_64 1.1.3 OK
r-patched-linux-x86_64 1.1.3 17.23 281.76 298.99 OK
r-patched-solaris-x86 1.1.3 442.90 NOTE
r-release-linux-x86_64 1.1.3 5.22 329.05 334.27 OK
r-release-windows-ix86+x86_64 1.1.3 20.00 439.00 459.00 OK
r-release-osx-x86_64 1.1.3 OK
r-oldrel-windows-ix86+x86_64 1.1.3 22.00 526.00 548.00 OK

Additional issues

ATLAS

Check Details

Version: 1.1.3
Check: installed package size
Result: NOTE
     installed size is 5.3Mb
     sub-directories of 1Mb or more:
     doc 2.5Mb
Flavors: r-devel-windows-ix86+x86_64, r-patched-solaris-x86