CRAN Package Check Results for Package CHNOSZ

Last updated on 2018-10-17 22:51:28 CEST.

Flavor Version Tinstall Tcheck Ttotal Status Flags
r-devel-linux-x86_64-debian-clang 1.1.3 14.64 273.67 288.31 OK
r-devel-linux-x86_64-debian-gcc 1.1.3 13.83 209.65 223.48 OK
r-devel-linux-x86_64-fedora-clang 1.1.3 340.53 OK
r-devel-linux-x86_64-fedora-gcc 1.1.3 341.22 OK
r-devel-windows-ix86+x86_64 1.1.3 41.00 504.00 545.00 NOTE
r-patched-linux-x86_64 1.1.3 14.40 273.95 288.35 OK
r-patched-solaris-x86 1.1.3 454.80 NOTE
r-release-linux-x86_64 1.1.3 15.40 274.79 290.19 OK
r-release-windows-ix86+x86_64 1.1.3 32.00 513.00 545.00 OK
r-release-osx-x86_64 1.1.3 OK
r-oldrel-windows-ix86+x86_64 1.1.3 21.00 607.00 628.00 OK
r-oldrel-osx-x86_64 1.1.3 OK

Check Details

Version: 1.1.3
Check: installed package size
Result: NOTE
     installed size is 5.3Mb
     sub-directories of 1Mb or more:
     doc 2.5Mb
Flavors: r-devel-windows-ix86+x86_64, r-patched-solaris-x86