CRAN Package Check Results for Package CHsharp

Last updated on 2017-11-20 22:53:05 CET.

Flavor Version Tinstall Tcheck Ttotal Status Flags
r-devel-linux-x86_64-debian-clang 0.4 1.06 12.08 13.13 NOTE
r-devel-linux-x86_64-debian-gcc 0.4 1.20 34.01 35.21 NOTE
r-devel-linux-x86_64-fedora-clang 0.4 21.06 NOTE
r-devel-linux-x86_64-fedora-gcc 0.4 21.67 NOTE
r-devel-windows-ix86+x86_64 0.4 12.00 38.00 50.00 OK
r-patched-linux-x86_64 0.4 0.98 12.85 13.84 NOTE
r-patched-solaris-x86 0.4 35.00 OK
r-release-linux-x86_64 0.4 1.17 13.05 14.22 NOTE
r-release-windows-ix86+x86_64 0.4 6.00 56.00 62.00 OK
r-release-osx-x86_64 0.4 OK
r-oldrel-windows-ix86+x86_64 0.4 7.00 48.00 55.00 OK
r-oldrel-osx-x86_64 0.4 OK

Check Details

Version: 0.4
Check: compiled code
Result: NOTE
    File ‘CHsharp/libs/CHsharp.so’:
     Found no calls to: ‘R_registerRoutines’, ‘R_useDynamicSymbols’
    
    It is good practice to register native routines and to disable symbol
    search.
    
    See ‘Writing portable packages’ in the ‘Writing R Extensions’ manual.
Flavors: r-devel-linux-x86_64-debian-clang, r-devel-linux-x86_64-debian-gcc, r-devel-linux-x86_64-fedora-clang, r-devel-linux-x86_64-fedora-gcc, r-patched-linux-x86_64, r-release-linux-x86_64