CRAN Package Check Results for Package CHsharp

Last updated on 2018-06-20 22:49:06 CEST.

Flavor Version Tinstall Tcheck Ttotal Status Flags
r-devel-linux-x86_64-debian-clang 0.4 1.85 20.10 21.95 NOTE
r-devel-linux-x86_64-debian-gcc 0.4 1.47 15.87 17.34 NOTE
r-devel-linux-x86_64-fedora-clang 0.4 25.66 NOTE
r-devel-linux-x86_64-fedora-gcc 0.4 24.83 NOTE
r-devel-windows-ix86+x86_64 0.4 9.00 59.00 68.00 OK
r-patched-linux-x86_64 0.4 1.87 19.25 21.12 NOTE
r-patched-solaris-x86 0.4 38.40 OK
r-release-linux-x86_64 0.4 1.83 18.84 20.67 NOTE
r-release-windows-ix86+x86_64 0.4 6.00 52.00 58.00 OK
r-release-osx-x86_64 0.4 OK
r-oldrel-windows-ix86+x86_64 0.4 11.00 36.00 47.00 OK
r-oldrel-osx-x86_64 0.4 OK

Check Details

Version: 0.4
Check: compiled code
Result: NOTE
    File ‘CHsharp/libs/CHsharp.so’:
     Found no calls to: ‘R_registerRoutines’, ‘R_useDynamicSymbols’
    
    It is good practice to register native routines and to disable symbol
    search.
    
    See ‘Writing portable packages’ in the ‘Writing R Extensions’ manual.
Flavors: r-devel-linux-x86_64-debian-clang, r-devel-linux-x86_64-debian-gcc, r-devel-linux-x86_64-fedora-clang, r-devel-linux-x86_64-fedora-gcc, r-patched-linux-x86_64, r-release-linux-x86_64