CRAN Package Check Results for Package CHsharp

Last updated on 2018-09-23 22:46:50 CEST.

Flavor Version Tinstall Tcheck Ttotal Status Flags
r-devel-linux-x86_64-debian-clang 0.4 1.96 20.24 22.20 OK
r-devel-linux-x86_64-debian-gcc 0.4 1.56 16.41 17.97 OK
r-devel-linux-x86_64-fedora-clang 0.4 26.78 NOTE
r-devel-linux-x86_64-fedora-gcc 0.4 25.62 NOTE
r-devel-windows-ix86+x86_64 0.4 9.00 44.00 53.00 OK
r-patched-linux-x86_64 0.4 1.61 18.72 20.33 OK
r-patched-solaris-x86 0.4 38.60 OK
r-release-linux-x86_64 0.4 1.93 19.11 21.04 OK
r-release-windows-ix86+x86_64 0.4 5.00 51.00 56.00 OK
r-release-osx-x86_64 0.4 OK
r-oldrel-windows-ix86+x86_64 0.4 6.00 45.00 51.00 OK
r-oldrel-osx-x86_64 0.4 OK

Check Details

Version: 0.4
Check: compiled code
Result: NOTE
    File ‘CHsharp/libs/CHsharp.so’:
     Found no calls to: ‘R_registerRoutines’, ‘R_useDynamicSymbols’
    
    It is good practice to register native routines and to disable symbol
    search.
    
    See ‘Writing portable packages’ in the ‘Writing R Extensions’ manual.
Flavors: r-devel-linux-x86_64-fedora-clang, r-devel-linux-x86_64-fedora-gcc