CRAN Package Check Results for Package CINE

Last updated on 2023-09-23 23:00:42 CEST.

Flavor Version Tinstall Tcheck Ttotal Status Flags
r-devel-linux-x86_64-debian-clang 0.1.3 10.65 99.49 110.14 OK
r-devel-linux-x86_64-debian-gcc 0.1.3 9.08 85.88 94.96 OK
r-devel-linux-x86_64-fedora-clang 0.1.3 131.98 NOTE
r-devel-linux-x86_64-fedora-gcc 0.1.3 130.55 NOTE
r-devel-windows-x86_64 0.1.3 12.00 88.00 100.00 OK
r-patched-linux-x86_64 0.1.3 12.36 94.47 106.83 OK
r-release-linux-x86_64 0.1.3 12.15 95.29 107.44 OK
r-release-macos-arm64 0.1.3 42.00 OK
r-release-macos-x86_64 0.1.3 59.00 OK
r-release-windows-x86_64 0.1.3 13.00 101.00 114.00 OK
r-oldrel-macos-arm64 0.1.3 36.00 NOTE
r-oldrel-macos-x86_64 0.1.3 53.00 NOTE
r-oldrel-windows-x86_64 0.1.3 15.00 102.00 117.00 OK

Check Details

Version: 0.1.3
Check: data for non-ASCII characters
Result: NOTE
     Note: found 28982 marked UTF-8 strings
Flavors: r-devel-linux-x86_64-fedora-clang, r-devel-linux-x86_64-fedora-gcc, r-oldrel-macos-arm64, r-oldrel-macos-x86_64