CRAN Package Check Results for Package CINNA

Last updated on 2019-07-16 07:50:39 CEST.

Flavor Version Tinstall Tcheck Ttotal Status Flags
r-devel-linux-x86_64-debian-clang 1.1.53 11.88 119.92 131.80 OK
r-devel-linux-x86_64-debian-gcc 1.1.53 10.04 91.45 101.49 OK
r-devel-linux-x86_64-fedora-clang 1.1.53 158.89 NOTE
r-devel-linux-x86_64-fedora-gcc 1.1.53 158.95 NOTE
r-devel-windows-ix86+x86_64 1.1.53 33.00 183.00 216.00 OK
r-patched-linux-x86_64 1.1.53 11.05 118.21 129.26 OK
r-patched-solaris-x86 1.1.53 228.30 NOTE
r-release-linux-x86_64 1.1.53 11.83 116.64 128.47 OK
r-release-windows-ix86+x86_64 1.1.53 28.00 156.00 184.00 OK
r-release-osx-x86_64 1.1.53 NOTE
r-oldrel-windows-ix86+x86_64 1.1.53 22.00 172.00 194.00 OK
r-oldrel-osx-x86_64 1.1.53 NOTE

Check Details

Version: 1.1.53
Check: dependencies in R code
Result: NOTE
    Namespace in Imports field not imported from: ‘circlize’
     All declared Imports should be used.
Flavors: r-devel-linux-x86_64-fedora-clang, r-devel-linux-x86_64-fedora-gcc, r-patched-solaris-x86, r-release-osx-x86_64, r-oldrel-osx-x86_64