CRAN Package Check Results for Package CLME

Last updated on 2020-07-11 22:49:57 CEST.

Flavor Version Tinstall Tcheck Ttotal Status Flags
r-devel-linux-x86_64-debian-clang 2.0-12 11.46 104.66 116.12 OK
r-devel-linux-x86_64-debian-gcc 2.0-12 9.64 81.52 91.16 OK
r-devel-linux-x86_64-fedora-clang 2.0-12 159.41 OK
r-devel-linux-x86_64-fedora-gcc 2.0-12 138.34 OK
r-devel-windows-ix86+x86_64 2.0-12 24.00 156.00 180.00 OK
r-patched-linux-x86_64 2.0-12 11.95 104.62 116.57 OK
r-patched-solaris-x86 2.0-12 220.60 OK
r-release-linux-x86_64 2.0-12 11.92 103.94 115.86 OK
r-release-macos-x86_64 2.0-12 OK
r-release-windows-ix86+x86_64 2.0-12 31.00 157.00 188.00 OK
r-oldrel-macos-x86_64 2.0-12 ERROR
r-oldrel-windows-ix86+x86_64 2.0-11 27.00 142.00 169.00 OK

Check Details

Version: 2.0-12
Check: whether package can be installed
Result: ERROR
    Installation failed.
Flavor: r-oldrel-macos-x86_64