Last updated on 2023-12-06 23:11:55 CET.
Flavor | Version | Tinstall | Tcheck | Ttotal | Status | Flags |
---|---|---|---|---|---|---|
r-devel-linux-x86_64-debian-clang | 1.0.0 | 155.62 | 175.68 | 331.30 | NOTE | |
r-devel-linux-x86_64-debian-gcc | 1.0.0 | 132.43 | 139.69 | 272.12 | NOTE | |
r-devel-linux-x86_64-fedora-clang | 1.0.0 | 432.12 | NOTE | |||
r-devel-linux-x86_64-fedora-gcc | 1.0.0 | 475.11 | NOTE | |||
r-devel-windows-x86_64 | 1.0.0 | 128.00 | 156.00 | 284.00 | NOTE | |
r-patched-linux-x86_64 | 1.0.0 | 108.04 | 179.40 | 287.44 | NOTE | |
r-release-linux-x86_64 | 1.0.0 | 143.13 | 180.82 | 323.95 | NOTE | |
r-release-macos-arm64 | 1.0.0 | 115.00 | NOTE | |||
r-release-macos-x86_64 | 1.0.0 | 173.00 | NOTE | |||
r-release-windows-x86_64 | 1.0.0 | 164.00 | 194.00 | 358.00 | NOTE | |
r-oldrel-macos-arm64 | 1.0.0 | 98.00 | NOTE | |||
r-oldrel-macos-x86_64 | 1.0.0 | 204.00 | NOTE | |||
r-oldrel-windows-x86_64 | 1.0.0 | 150.00 | 190.00 | 340.00 | NOTE |
Version: 1.0.0
Check: for GNU extensions in Makefiles
Result: NOTE
GNU make is a SystemRequirements.
Flavors: r-devel-linux-x86_64-debian-clang, r-devel-linux-x86_64-debian-gcc, r-devel-linux-x86_64-fedora-clang, r-devel-linux-x86_64-fedora-gcc, r-devel-windows-x86_64, r-patched-linux-x86_64, r-release-linux-x86_64, r-release-macos-arm64, r-release-macos-x86_64, r-release-windows-x86_64, r-oldrel-macos-arm64, r-oldrel-macos-x86_64, r-oldrel-windows-x86_64
Version: 1.0.0
Check: dependencies in R code
Result: NOTE
Namespace in Imports field not imported from: ‘rstantools’
All declared Imports should be used.
Flavors: r-devel-linux-x86_64-fedora-clang, r-devel-linux-x86_64-fedora-gcc, r-oldrel-macos-arm64, r-oldrel-macos-x86_64
Version: 1.0.0
Check: installed package size
Result: NOTE
installed size is 35.6Mb
sub-directories of 1Mb or more:
libs 35.4Mb
Flavors: r-release-macos-arm64, r-release-macos-x86_64, r-oldrel-macos-arm64, r-oldrel-macos-x86_64