CRAN Package Check Results for Package COINr

Last updated on 2024-04-17 22:59:48 CEST.

Flavor Version Tinstall Tcheck Ttotal Status Flags
r-devel-linux-x86_64-debian-clang 1.1.7 17.28 379.78 397.06 OK
r-devel-linux-x86_64-debian-gcc 1.1.7 10.26 266.21 276.47 OK
r-devel-linux-x86_64-fedora-clang 1.1.7 473.68 OK
r-devel-linux-x86_64-fedora-gcc 1.1.7 453.38 OK
r-prerel-macos-arm64 1.1.7 126.00 OK
r-prerel-windows-x86_64 1.1.7 14.00 337.00 351.00 WARN
r-patched-linux-x86_64 1.1.7 17.75 343.42 361.17 OK
r-release-linux-x86_64 1.1.7 13.02 356.43 369.45 OK
r-release-macos-arm64 1.1.7 121.00 OK
r-release-macos-x86_64 1.1.7 270.00 OK
r-release-windows-x86_64 1.1.7 22.00 377.00 399.00 OK
r-oldrel-macos-arm64 1.1.7 129.00 OK
r-oldrel-windows-x86_64 1.1.7 21.00 341.00 362.00 OK

Check Details

Version: 1.1.7
Check: for unstated dependencies in ‘tests’
Result: WARN Warning: unable to access index for repository https://CRAN.R-project.org/src/contrib: cannot open URL 'https://CRAN.R-project.org/src/contrib/PACKAGES' Warning: unable to access index for repository https://bioconductor.org/packages/3.19/bioc/src/contrib: cannot open URL 'https://bioconductor.org/packages/3.19/bioc/src/contrib/PACKAGES' Warning: unable to access index for repository https://bioconductor.org/packages/3.19/data/annotation/src/contrib: cannot open URL 'https://bioconductor.org/packages/3.19/data/annotation/src/contrib/PACKAGES' Warning: unable to access index for repository https://bioconductor.org/packages/3.19/data/experiment/src/contrib: cannot open URL 'https://bioconductor.org/packages/3.19/data/experiment/src/contrib/PACKAGES' Flavor: r-prerel-windows-x86_64