CRAN Package Check Results for Package CORElearn

Last updated on 2019-06-17 22:51:50 CEST.

Flavor Version Tinstall Tcheck Ttotal Status Flags
r-devel-linux-x86_64-debian-clang 1.53.1 54.53 43.10 97.63 NOTE
r-devel-linux-x86_64-debian-gcc 1.53.1 36.57 33.62 70.19 NOTE
r-devel-linux-x86_64-fedora-clang 1.53.1 132.79 NOTE
r-devel-linux-x86_64-fedora-gcc 1.53.1 112.69 NOTE
r-devel-windows-ix86+x86_64 1.53.1 157.00 83.00 240.00 OK
r-patched-linux-x86_64 1.53.1 43.76 43.02 86.78 OK
r-patched-solaris-x86 1.53.1 182.80 OK
r-release-linux-x86_64 1.53.1 43.25 43.14 86.39 OK
r-release-windows-ix86+x86_64 1.53.1 164.00 86.00 250.00 OK
r-release-osx-x86_64 1.53.1 OK
r-oldrel-windows-ix86+x86_64 1.53.1 115.00 98.00 213.00 OK
r-oldrel-osx-x86_64 1.53.1 OK

Check Details

Version: 1.53.1
Check: for non-standard things in the check directory
Result: NOTE
    Found the following files/directories:
     'myGraph001.ps' 'parameters.par' 'profiles.oe' 'profiles.oer'
     'tempRF.txt' 'tempRF.txt.Rda'
Flavors: r-devel-linux-x86_64-debian-clang, r-devel-linux-x86_64-debian-gcc, r-devel-linux-x86_64-fedora-clang, r-devel-linux-x86_64-fedora-gcc