CRAN Package Check Results for Package CRAC

Last updated on 2018-12-11 21:48:42 CET.

Flavor Version Tinstall Tcheck Ttotal Status Flags
r-devel-linux-x86_64-debian-clang 1.0 1.02 17.10 18.12 NOTE
r-devel-linux-x86_64-debian-gcc 1.0 0.73 13.96 14.69 NOTE
r-devel-linux-x86_64-fedora-clang 1.0 21.11 NOTE
r-devel-linux-x86_64-fedora-gcc 1.0 20.15 NOTE
r-devel-windows-ix86+x86_64 1.0 4.00 37.00 41.00 NOTE
r-patched-linux-x86_64 1.0 0.91 15.89 16.80 NOTE
r-patched-solaris-x86 1.0 34.40 NOTE
r-release-linux-x86_64 1.0 0.63 16.17 16.80 NOTE
r-release-windows-ix86+x86_64 1.0 5.00 33.00 38.00 NOTE
r-release-osx-x86_64 1.0 NOTE
r-oldrel-windows-ix86+x86_64 1.0 3.00 26.00 29.00 NOTE
r-oldrel-osx-x86_64 1.0 NOTE

Check Details

Version: 1.0
Check: R code for possible problems
Result: NOTE
    distance.comoving: no visible global function definition for
     ‘integrate’
    Undefined global functions or variables:
     integrate
    Consider adding
     importFrom("stats", "integrate")
    to your NAMESPACE file.
Flavors: r-devel-linux-x86_64-debian-clang, r-devel-linux-x86_64-debian-gcc, r-devel-linux-x86_64-fedora-clang, r-devel-linux-x86_64-fedora-gcc, r-devel-windows-ix86+x86_64, r-patched-linux-x86_64, r-patched-solaris-x86, r-release-linux-x86_64, r-release-windows-ix86+x86_64, r-release-osx-x86_64, r-oldrel-windows-ix86+x86_64, r-oldrel-osx-x86_64