CRAN Package Check Results for Package CRAC

Last updated on 2018-09-17 22:50:56 CEST.

Flavor Version Tinstall Tcheck Ttotal Status Flags
r-devel-linux-x86_64-debian-clang 1.0 0.96 17.43 18.39 NOTE
r-devel-linux-x86_64-debian-gcc 1.0 0.72 14.04 14.76 NOTE
r-devel-linux-x86_64-fedora-clang 1.0 21.97 NOTE
r-devel-linux-x86_64-fedora-gcc 1.0 21.34 NOTE
r-devel-windows-ix86+x86_64 1.0 3.00 27.00 30.00 NOTE
r-patched-linux-x86_64 1.0 0.84 15.70 16.54 NOTE
r-patched-solaris-x86 1.0 33.20 NOTE
r-release-linux-x86_64 1.0 0.84 16.24 17.08 NOTE
r-release-windows-ix86+x86_64 1.0 5.00 33.00 38.00 NOTE
r-release-osx-x86_64 1.0 NOTE
r-oldrel-windows-ix86+x86_64 1.0 3.00 23.00 26.00 NOTE
r-oldrel-osx-x86_64 1.0 NOTE

Check Details

Version: 1.0
Check: R code for possible problems
Result: NOTE
    distance.comoving: no visible global function definition for
     ‘integrate’
    Undefined global functions or variables:
     integrate
    Consider adding
     importFrom("stats", "integrate")
    to your NAMESPACE file.
Flavors: r-devel-linux-x86_64-debian-clang, r-devel-linux-x86_64-debian-gcc, r-devel-linux-x86_64-fedora-clang, r-devel-linux-x86_64-fedora-gcc, r-devel-windows-ix86+x86_64, r-patched-linux-x86_64, r-patched-solaris-x86, r-release-linux-x86_64, r-release-windows-ix86+x86_64, r-release-osx-x86_64, r-oldrel-windows-ix86+x86_64, r-oldrel-osx-x86_64