CRAN Package Check Results for Package CRANsearcher

Last updated on 2020-07-11 22:49:58 CEST.

Flavor Version Tinstall Tcheck Ttotal Status Flags
r-devel-linux-x86_64-debian-clang 1.0.0 7.01 47.26 54.27 OK
r-devel-linux-x86_64-debian-gcc 1.0.0 5.21 35.54 40.75 OK
r-devel-linux-x86_64-fedora-clang 1.0.0 74.13 NOTE
r-devel-linux-x86_64-fedora-gcc 1.0.0 61.42 NOTE
r-devel-windows-ix86+x86_64 1.0.0 16.00 75.00 91.00 OK
r-patched-linux-x86_64 1.0.0 7.35 45.30 52.65 OK
r-patched-solaris-x86 1.0.0 99.90 NOTE
r-release-linux-x86_64 1.0.0 6.28 46.46 52.74 OK
r-release-macos-x86_64 1.0.0 NOTE
r-release-windows-ix86+x86_64 1.0.0 21.00 92.00 113.00 OK
r-oldrel-macos-x86_64 1.0.0 NOTE
r-oldrel-windows-ix86+x86_64 1.0.0 19.00 56.00 75.00 OK

Check Details

Version: 1.0.0
Check: data for non-ASCII characters
Result: NOTE
     Note: found 11 marked Latin-1 strings
     Note: found 57 marked UTF-8 strings
Flavors: r-devel-linux-x86_64-fedora-clang, r-devel-linux-x86_64-fedora-gcc, r-patched-solaris-x86, r-release-macos-x86_64, r-oldrel-macos-x86_64