CRAN Package Check Results for Package CRANsearcher

Last updated on 2019-06-15 22:58:37 CEST.

Flavor Version Tinstall Tcheck Ttotal Status Flags
r-devel-linux-x86_64-debian-clang 1.0.0 6.47 39.30 45.77 OK
r-devel-linux-x86_64-debian-gcc 1.0.0 5.26 31.25 36.51 OK
r-devel-linux-x86_64-fedora-clang 1.0.0 52.28 NOTE
r-devel-linux-x86_64-fedora-gcc 1.0.0 50.63 NOTE
r-devel-windows-ix86+x86_64 1.0.0 20.00 98.00 118.00 OK
r-patched-linux-x86_64 1.0.0 5.85 38.65 44.50 OK
r-patched-solaris-x86 1.0.0 97.60 NOTE
r-release-linux-x86_64 1.0.0 5.34 38.41 43.75 OK
r-release-windows-ix86+x86_64 1.0.0 12.00 53.00 65.00 OK
r-release-osx-x86_64 1.0.0 NOTE
r-oldrel-windows-ix86+x86_64 1.0.0 9.00 72.00 81.00 OK
r-oldrel-osx-x86_64 1.0.0 NOTE

Check Details

Version: 1.0.0
Check: data for non-ASCII characters
Result: NOTE
     Note: found 11 marked Latin-1 strings
     Note: found 57 marked UTF-8 strings
Flavors: r-devel-linux-x86_64-fedora-clang, r-devel-linux-x86_64-fedora-gcc, r-patched-solaris-x86, r-release-osx-x86_64, r-oldrel-osx-x86_64