CRAN Package Check Results for Package CRANsearcher

Last updated on 2019-08-17 22:46:24 CEST.

Flavor Version Tinstall Tcheck Ttotal Status Flags
r-devel-linux-x86_64-debian-clang 1.0.0 6.06 39.67 45.73 OK
r-devel-linux-x86_64-debian-gcc 1.0.0 5.40 31.01 36.41 OK
r-devel-linux-x86_64-fedora-clang 1.0.0 55.43 NOTE
r-devel-linux-x86_64-fedora-gcc 1.0.0 51.34 NOTE
r-devel-windows-ix86+x86_64 1.0.0 18.00 76.00 94.00 OK
r-patched-linux-x86_64 1.0.0 5.86 38.35 44.21 OK
r-patched-solaris-x86 1.0.0 98.40 NOTE
r-release-linux-x86_64 1.0.0 5.66 37.96 43.62 OK
r-release-windows-ix86+x86_64 1.0.0 16.00 87.00 103.00 OK
r-release-osx-x86_64 1.0.0 NOTE
r-oldrel-windows-ix86+x86_64 1.0.0 14.00 72.00 86.00 OK
r-oldrel-osx-x86_64 1.0.0 NOTE

Check Details

Version: 1.0.0
Check: data for non-ASCII characters
Result: NOTE
     Note: found 11 marked Latin-1 strings
     Note: found 57 marked UTF-8 strings
Flavors: r-devel-linux-x86_64-fedora-clang, r-devel-linux-x86_64-fedora-gcc, r-patched-solaris-x86, r-release-osx-x86_64, r-oldrel-osx-x86_64