Last updated on 2023-03-21 22:56:04 CET.
Flavor | Version | Tinstall | Tcheck | Ttotal | Status | Flags |
---|---|---|---|---|---|---|
r-devel-linux-x86_64-debian-clang | 1.2.0 | 15.57 | 172.48 | 188.05 | OK | |
r-devel-linux-x86_64-debian-gcc | 1.2.0 | 11.37 | 129.95 | 141.32 | OK | |
r-devel-linux-x86_64-fedora-clang | 1.2.0 | 238.52 | OK | |||
r-devel-linux-x86_64-fedora-gcc | 1.2.0 | 231.30 | OK | |||
r-devel-windows-x86_64 | 1.2.0 | 34.00 | 211.00 | 245.00 | OK | |
r-patched-linux-x86_64 | 1.2.0 | 13.60 | 160.21 | 173.81 | OK | |
r-release-linux-x86_64 | 1.2.0 | 13.81 | 162.77 | 176.58 | OK | |
r-release-macos-arm64 | 1.2.0 | 52.00 | OK | |||
r-release-macos-x86_64 | 1.2.0 | 90.00 | OK | |||
r-release-windows-x86_64 | 1.2.0 | 44.00 | 211.00 | 255.00 | OK | |
r-oldrel-macos-arm64 | 1.2.0 | 73.00 | OK | |||
r-oldrel-macos-x86_64 | 1.2.0 | 90.00 | OK | |||
r-oldrel-windows-ix86+x86_64 | 1.2.0 | 41.00 | 199.00 | 240.00 | NOTE |
Version: 1.2.0
Check: R code for possible problems
Result: NOTE
Initiating curl with CURL_SSL_BACKEND: openssl
Flavor: r-oldrel-windows-ix86+x86_64