Last updated on 2024-03-28 23:01:42 CET.
Flavor | Version | Tinstall | Tcheck | Ttotal | Status | Flags |
---|---|---|---|---|---|---|
r-devel-linux-x86_64-debian-clang | 0.2 | 1.94 | 31.91 | 33.85 | NOTE | |
r-devel-linux-x86_64-debian-gcc | 0.2 | 2.20 | 25.72 | 27.92 | NOTE | |
r-devel-linux-x86_64-fedora-clang | 0.2 | 43.76 | NOTE | |||
r-devel-linux-x86_64-fedora-gcc | 0.2 | 43.63 | NOTE | |||
r-devel-windows-x86_64 | 0.2 | 3.00 | 48.00 | 51.00 | NOTE | |
r-patched-linux-x86_64 | 0.2 | 2.10 | 32.27 | 34.37 | NOTE | |
r-release-linux-x86_64 | 0.2 | 2.89 | 31.54 | 34.43 | NOTE | |
r-release-macos-arm64 | 0.2 | 18.00 | NOTE | |||
r-release-macos-x86_64 | 0.2 | 25.00 | NOTE | |||
r-release-windows-x86_64 | 0.2 | 4.00 | 48.00 | 52.00 | NOTE | |
r-oldrel-macos-arm64 | 0.2 | 20.00 | NOTE | |||
r-oldrel-windows-x86_64 | 0.2 | 4.00 | 54.00 | 58.00 | NOTE |
Version: 0.2
Check: LazyData
Result: NOTE
'LazyData' is specified without a 'data' directory
Flavors: r-devel-linux-x86_64-debian-clang, r-devel-linux-x86_64-debian-gcc, r-devel-linux-x86_64-fedora-clang, r-devel-linux-x86_64-fedora-gcc, r-devel-windows-x86_64, r-patched-linux-x86_64, r-release-linux-x86_64, r-release-macos-arm64, r-release-macos-x86_64, r-release-windows-x86_64, r-oldrel-macos-arm64, r-oldrel-windows-x86_64