CRAN Package Check Results for Package CVXR

Last updated on 2021-04-16 22:50:54 CEST.

Flavor Version Tinstall Tcheck Ttotal Status Flags
r-devel-linux-x86_64-debian-clang 1.0-9 186.88 309.71 496.59 NOTE
r-devel-linux-x86_64-debian-gcc 1.0-9 126.21 234.38 360.59 NOTE
r-devel-linux-x86_64-fedora-clang 1.0-9 655.49 NOTE
r-devel-linux-x86_64-fedora-gcc 1.0-9 600.85 NOTE
r-devel-windows-ix86+x86_64 1.0-9 345.00 552.00 897.00 NOTE
r-devel-windows-x86_64-gcc10-UCRT 1.0-9 NOTE
r-patched-linux-x86_64 1.0-9 159.25 293.78 453.03 NOTE
r-patched-solaris-x86 1.0-9 594.60 ERROR
r-release-linux-x86_64 1.0-9 159.92 294.55 454.47 NOTE
r-release-macos-x86_64 1.0-9 NOTE
r-release-windows-ix86+x86_64 1.0-9 268.00 576.00 844.00 NOTE
r-oldrel-macos-x86_64 1.0-9 NOTE
r-oldrel-windows-ix86+x86_64 1.0-9 219.00 513.00 732.00 NOTE

Check Details

Version: 1.0-9
Check: package dependencies
Result: NOTE
    Packages which this enhances but not available for checking:
     'gurobi', 'rcbc'
Flavors: r-devel-linux-x86_64-debian-clang, r-devel-linux-x86_64-debian-gcc, r-patched-linux-x86_64, r-release-linux-x86_64

Version: 1.0-9
Check: package dependencies
Result: NOTE
    Packages which this enhances but not available for checking:
     'Rcplex', 'gurobi', 'rcbc'
Flavors: r-devel-linux-x86_64-fedora-clang, r-devel-linux-x86_64-fedora-gcc, r-devel-windows-ix86+x86_64, r-devel-windows-x86_64-gcc10-UCRT, r-release-macos-x86_64, r-release-windows-ix86+x86_64, r-oldrel-macos-x86_64, r-oldrel-windows-ix86+x86_64

Version: 1.0-9
Check: installed package size
Result: NOTE
     installed size is 9.9Mb
     sub-directories of 1Mb or more:
     R 2.7Mb
     help 1.0Mb
     libs 5.7Mb
Flavors: r-devel-linux-x86_64-fedora-clang, r-devel-windows-ix86+x86_64, r-release-macos-x86_64, r-release-windows-ix86+x86_64, r-oldrel-macos-x86_64, r-oldrel-windows-ix86+x86_64

Version: 1.0-9
Check: package dependencies
Result: NOTE
    Packages which this enhances but not available for checking:
     'Rcplex', 'gurobi', 'rcbc', 'Rmosek'
Flavor: r-patched-solaris-x86

Version: 1.0-9
Check: examples
Result: ERROR
    Running examples in ‘CVXR-Ex.R’ failed
    The error most likely occurred in:
    
    > ### Name: diag,Expression-method
    > ### Title: Matrix Diagonal
    > ### Aliases: diag,Expression-method diag
    >
    > ### ** Examples
    >
    > C <- Variable(3,3)
    > obj <- Maximize(C[1,3])
    > constraints <- list(diag(C) == 1, C[1,2] == 0.6, C[2,3] == -0.3, C == Variable(3,3, PSD = TRUE))
    > prob <- Problem(obj, constraints)
    > result <- solve(prob)
    
     *** caught segfault ***
    address 0, cause 'memory not mapped'
    
    Traceback:
     1: scs::scs(A = args$A, b = args$b, obj = args$c, cone = cones, control = control)
     2: solve_via_data(object@solver, data, warm_start, verbose, feastol, reltol, abstol, num_iter, solver_opts, problem@.solver_cache)
     3: solve_via_data(object@solver, data, warm_start, verbose, feastol, reltol, abstol, num_iter, solver_opts, problem@.solver_cache)
     4: reduction_solve_via_data(object@.solving_chain, object, data, warm_start, verbose, feastol, reltol, abstol, num_iter, list(...))
     5: reduction_solve_via_data(object@.solving_chain, object, data, warm_start, verbose, feastol, reltol, abstol, num_iter, list(...))
     6: psolve(a, solver = NA, ...)
     7: psolve(a, solver = NA, ...)
     8: solve(prob)
     9: solve(prob)
    An irrecoverable exception occurred. R is aborting now ...
Flavor: r-patched-solaris-x86