Last updated on 2023-03-30 22:54:55 CEST.
Flavor | Version | Tinstall | Tcheck | Ttotal | Status | Flags |
---|---|---|---|---|---|---|
r-devel-linux-x86_64-debian-clang | 1.0-11 | 172.86 | 363.56 | 536.42 | NOTE | |
r-devel-linux-x86_64-debian-gcc | 1.0-11 | 140.31 | 270.50 | 410.81 | NOTE | |
r-devel-linux-x86_64-fedora-clang | 1.0-11 | 716.54 | NOTE | |||
r-devel-linux-x86_64-fedora-gcc | 1.0-11 | 680.67 | NOTE | |||
r-devel-windows-x86_64 | 1.0-11 | 410.00 | 522.00 | 932.00 | NOTE | |
r-patched-linux-x86_64 | 1.0-11 | 172.48 | 346.27 | 518.75 | NOTE | |
r-release-linux-x86_64 | 1.0-11 | 158.77 | 327.84 | 486.61 | NOTE | |
r-release-macos-arm64 | 1.0-11 | 176.00 | NOTE | |||
r-release-macos-x86_64 | 1.0-11 | 209.00 | NOTE | |||
r-release-windows-x86_64 | 1.0-11 | 563.00 | 442.00 | 1005.00 | NOTE | |
r-oldrel-macos-arm64 | 1.0-11 | 157.00 | NOTE | |||
r-oldrel-macos-x86_64 | 1.0-11 | 208.00 | NOTE | |||
r-oldrel-windows-ix86+x86_64 | 1.0-11 | 353.00 | 570.00 | 923.00 | NOTE |
Version: 1.0-11
Check: package dependencies
Result: NOTE
Packages which this enhances but not available for checking:
'gurobi', 'rcbc'
Flavors: r-devel-linux-x86_64-debian-clang, r-devel-linux-x86_64-debian-gcc, r-patched-linux-x86_64, r-release-linux-x86_64
Version: 1.0-11
Check: package dependencies
Result: NOTE
Packages which this enhances but not available for checking:
'Rcplex', 'gurobi', 'rcbc'
Flavors: r-devel-linux-x86_64-fedora-clang, r-devel-linux-x86_64-fedora-gcc, r-devel-windows-x86_64, r-release-macos-arm64, r-release-macos-x86_64, r-release-windows-x86_64, r-oldrel-macos-arm64, r-oldrel-macos-x86_64, r-oldrel-windows-ix86+x86_64
Version: 1.0-11
Check: installed package size
Result: NOTE
installed size is 5.8Mb
sub-directories of 1Mb or more:
R 2.7Mb
doc 1.2Mb
help 1.0Mb
Flavors: r-devel-linux-x86_64-fedora-clang, r-devel-windows-x86_64, r-release-macos-arm64, r-release-macos-x86_64, r-release-windows-x86_64, r-oldrel-macos-arm64, r-oldrel-macos-x86_64, r-oldrel-windows-ix86+x86_64