CRAN Package Check Results for Package ChainLadder

Last updated on 2024-06-13 22:49:22 CEST.

Flavor Version Tinstall Tcheck Ttotal Status Flags
r-devel-linux-x86_64-debian-clang 0.2.18 30.10 311.12 341.22 OK
r-devel-linux-x86_64-debian-gcc 0.2.18 0.70 1.92 2.62 ERROR
r-devel-linux-x86_64-fedora-clang 0.2.18 425.38 OK
r-devel-linux-x86_64-fedora-gcc 0.2.18 413.94 OK
r-devel-windows-x86_64 0.2.18 22.00 241.00 263.00 OK
r-patched-linux-x86_64 0.2.18 35.48 304.08 339.56 OK
r-release-linux-x86_64 0.2.18 26.25 306.23 332.48 OK
r-release-macos-arm64 0.2.18 102.00 OK
r-release-macos-x86_64 0.2.18 168.00 OK
r-release-windows-x86_64 0.2.18 26.00 280.00 306.00 OK
r-oldrel-macos-arm64 0.2.18 85.00 OK
r-oldrel-macos-x86_64 0.2.18 207.00 OK
r-oldrel-windows-x86_64 0.2.18 32.00 316.00 348.00 OK

Check Details

Version: 0.2.18
Check: package dependencies
Result: ERROR Packages required but not available: 'systemfit', 'cplm', 'ggplot2' See section ‘The DESCRIPTION file’ in the ‘Writing R Extensions’ manual. Flavor: r-devel-linux-x86_64-debian-gcc