CRAN Package Check Results for Package ChemoSpec

Last updated on 2018-02-23 22:47:49 CET.

Flavor Version Tinstall Tcheck Ttotal Status Flags
r-devel-linux-x86_64-debian-clang 4.4.97 6.01 91.04 97.05 OK
r-devel-linux-x86_64-debian-gcc 4.4.97 4.45 72.40 76.85 OK
r-devel-linux-x86_64-fedora-clang 4.4.97 110.08 NOTE
r-devel-linux-x86_64-fedora-gcc 4.4.97 114.74 NOTE
r-devel-windows-ix86+x86_64 4.4.97 18.00 144.00 162.00 OK
r-patched-linux-x86_64 4.4.97 5.73 103.69 109.42 OK
r-patched-solaris-x86 4.4.97 143.00 OK
r-release-linux-x86_64 4.4.97 5.46 103.86 109.32 OK
r-release-windows-ix86+x86_64 4.4.97 10.00 155.00 165.00 OK
r-release-osx-x86_64 4.4.97 NOTE
r-oldrel-windows-ix86+x86_64 4.4.97 8.00 100.00 108.00 OK
r-oldrel-osx-x86_64 4.4.97 OK

Check Details

Version: 4.4.97
Check: package dependencies
Result: NOTE
    Package suggested but not available for checking: ‘speaq’
Flavors: r-devel-linux-x86_64-fedora-clang, r-devel-linux-x86_64-fedora-gcc, r-release-osx-x86_64