CRAN Package Check Results for Package ChemoSpec

Last updated on 2018-06-20 22:49:06 CEST.

Flavor Version Tinstall Tcheck Ttotal Status Flags
r-devel-linux-x86_64-debian-clang 4.4.97 3.62 94.56 98.18 OK
r-devel-linux-x86_64-debian-gcc 4.4.97 4.82 71.88 76.70 OK
r-devel-linux-x86_64-fedora-clang 4.4.97 118.90 OK
r-devel-linux-x86_64-fedora-gcc 4.4.97 112.85 OK
r-devel-windows-ix86+x86_64 4.4.97 14.00 139.00 153.00 OK
r-patched-linux-x86_64 4.4.97 3.67 90.64 94.31 OK
r-patched-solaris-x86 4.4.97 149.10 OK
r-release-linux-x86_64 4.4.97 5.12 89.40 94.52 OK
r-release-windows-ix86+x86_64 4.4.97 10.00 103.00 113.00 OK
r-release-osx-x86_64 4.4.97 OK
r-oldrel-windows-ix86+x86_64 4.4.97 12.00 112.00 124.00 OK
r-oldrel-osx-x86_64 4.4.97 NOTE

Check Details

Version: 4.4.97
Check: package dependencies
Result: NOTE
    Package suggested but not available for checking: ‘speaq’
Flavor: r-oldrel-osx-x86_64