CRAN Package Check Results for Package ChemoSpec

Last updated on 2018-09-23 22:46:50 CEST.

Flavor Version Tinstall Tcheck Ttotal Status Flags
r-devel-linux-x86_64-debian-clang 4.4.97 4.41 95.19 99.60 OK
r-devel-linux-x86_64-debian-gcc 4.4.97 4.55 73.35 77.90 OK
r-devel-linux-x86_64-fedora-clang 4.4.97 117.51 OK
r-devel-linux-x86_64-fedora-gcc 4.4.97 114.06 OK
r-devel-windows-ix86+x86_64 4.4.97 11.00 152.00 163.00 OK
r-patched-linux-x86_64 4.4.97 5.18 90.32 95.50 OK
r-patched-solaris-x86 4.4.97 149.40 OK
r-release-linux-x86_64 4.4.97 3.82 90.50 94.32 OK
r-release-windows-ix86+x86_64 4.4.97 8.00 152.00 160.00 OK
r-release-osx-x86_64 4.4.97 OK
r-oldrel-windows-ix86+x86_64 4.4.97 7.00 160.00 167.00 OK
r-oldrel-osx-x86_64 4.4.97 NOTE

Check Details

Version: 4.4.97
Check: package dependencies
Result: NOTE
    Package suggested but not available for checking: ‘speaq’
Flavor: r-oldrel-osx-x86_64