CRAN Package Check Results for Package ChemoSpec

Last updated on 2017-11-21 22:47:46 CET.

Flavor Version Tinstall Tcheck Ttotal Status Flags
r-devel-linux-x86_64-debian-clang 4.4.85 3.41 62.87 66.28 OK
r-devel-linux-x86_64-debian-gcc 4.4.85 4.62 134.10 138.73 OK
r-devel-linux-x86_64-fedora-clang 4.4.85 116.82 OK
r-devel-linux-x86_64-fedora-gcc 4.4.85 153.52 OK
r-devel-windows-ix86+x86_64 4.4.85 13.00 117.00 130.00 OK
r-patched-linux-x86_64 4.4.85 3.72 63.54 67.26 OK
r-patched-solaris-x86 4.4.85 144.30 OK
r-release-linux-x86_64 4.4.85 3.70 65.21 68.92 OK
r-release-windows-ix86+x86_64 4.4.85 8.00 111.00 119.00 OK
r-release-osx-x86_64 4.4.85 NOTE
r-oldrel-windows-ix86+x86_64 4.4.85 7.00 146.00 153.00 OK
r-oldrel-osx-x86_64 4.4.85 OK

Check Details

Version: 4.4.85
Check: package dependencies
Result: NOTE
    Package suggested but not available for checking: ‘speaq’
Flavor: r-release-osx-x86_64