Last updated on 2023-12-09 21:54:12 CET.
Flavor | Version | Tinstall | Tcheck | Ttotal | Status | Flags |
---|---|---|---|---|---|---|
r-devel-linux-x86_64-debian-clang | 2023.8 | 6.53 | 54.92 | 61.45 | OK | |
r-devel-linux-x86_64-debian-gcc | 2023.8 | 5.61 | 40.64 | 46.25 | OK | |
r-devel-linux-x86_64-fedora-clang | 2023.8 | 79.72 | NOTE | |||
r-devel-linux-x86_64-fedora-gcc | 2023.8 | 74.83 | NOTE | |||
r-devel-windows-x86_64 | 2023.8 | 8.00 | 60.00 | 68.00 | OK | |
r-patched-linux-x86_64 | 2023.8 | 6.43 | 52.75 | 59.18 | OK | |
r-release-linux-x86_64 | 2023.8 | 6.93 | 51.68 | 58.61 | OK | |
r-release-macos-arm64 | 2023.8 | 28.00 | OK | |||
r-release-macos-x86_64 | 2023.8 | 49.00 | OK | |||
r-release-windows-x86_64 | 2023.8 | 11.00 | 68.00 | 79.00 | OK | |
r-oldrel-macos-arm64 | 2023.8 | 27.00 | OK | |||
r-oldrel-macos-x86_64 | 2023.8 | 40.00 | OK | |||
r-oldrel-windows-x86_64 | 2023.8 | 9.00 | 69.00 | 78.00 | OK |
Version: 2023.8
Check: data for non-ASCII characters
Result: NOTE
Note: found 8119 marked UTF-8 strings
Flavors: r-devel-linux-x86_64-fedora-clang, r-devel-linux-x86_64-fedora-gcc