Last updated on 2024-04-17 22:59:47 CEST.
Flavor | Version | Tinstall | Tcheck | Ttotal | Status | Flags |
---|---|---|---|---|---|---|
r-devel-linux-x86_64-debian-clang | 0.3.0 | 4.45 | 58.44 | 62.89 | NOTE | |
r-devel-linux-x86_64-debian-gcc | 0.3.0 | 4.13 | 42.75 | 46.88 | NOTE | |
r-devel-linux-x86_64-fedora-clang | 0.3.0 | 78.47 | NOTE | |||
r-devel-linux-x86_64-fedora-gcc | 0.3.0 | 74.51 | NOTE | |||
r-prerel-macos-arm64 | 0.3.0 | 23.00 | NOTE | |||
r-prerel-windows-x86_64 | 0.3.0 | 4.00 | 63.00 | 67.00 | NOTE | |
r-patched-linux-x86_64 | 0.3.0 | 4.75 | 56.56 | 61.31 | NOTE | |
r-release-linux-x86_64 | 0.3.0 | 5.05 | 57.03 | 62.08 | NOTE | |
r-release-macos-arm64 | 0.3.0 | 24.00 | NOTE | |||
r-release-macos-x86_64 | 0.3.0 | 39.00 | NOTE | |||
r-release-windows-x86_64 | 0.3.0 | 7.00 | 69.00 | 76.00 | NOTE | |
r-oldrel-macos-arm64 | 0.3.0 | 23.00 | NOTE | |||
r-oldrel-windows-x86_64 | 0.3.0 | 7.00 | 72.00 | 79.00 | NOTE |
Version: 0.3.0
Check: LazyData
Result: NOTE
'LazyData' is specified without a 'data' directory
Flavors: r-devel-linux-x86_64-debian-clang, r-devel-linux-x86_64-debian-gcc, r-devel-linux-x86_64-fedora-clang, r-devel-linux-x86_64-fedora-gcc, r-prerel-macos-arm64, r-prerel-windows-x86_64, r-patched-linux-x86_64, r-release-linux-x86_64, r-release-macos-arm64, r-release-macos-x86_64, r-release-windows-x86_64, r-oldrel-macos-arm64, r-oldrel-windows-x86_64