Last updated on 2023-03-25 22:55:25 CET.
Flavor | Version | Tinstall | Tcheck | Ttotal | Status | Flags |
---|---|---|---|---|---|---|
r-devel-linux-x86_64-debian-clang | 4.3.4 | 56.88 | 65.94 | 122.82 | NOTE | |
r-devel-linux-x86_64-debian-gcc | 4.3.4 | 43.04 | 50.84 | 93.88 | NOTE | |
r-devel-linux-x86_64-fedora-gcc | 4.3.4 | 163.45 | NOTE | |||
r-devel-windows-x86_64 | 4.3.4 | 85.00 | 125.00 | 210.00 | NOTE | |
r-patched-linux-x86_64 | 4.3.4 | 47.28 | 64.83 | 112.11 | OK | |
r-release-linux-x86_64 | 4.3.4 | 43.65 | 64.85 | 108.50 | OK | |
r-release-macos-arm64 | 4.3.4 | 48.00 | OK | |||
r-release-macos-x86_64 | 4.3.4 | 64.00 | OK | |||
r-release-windows-x86_64 | 4.3.4 | 91.00 | 121.00 | 212.00 | OK | |
r-oldrel-macos-arm64 | 4.3.4 | 40.00 | OK | |||
r-oldrel-macos-x86_64 | 4.3.4 | 63.00 | OK | |||
r-oldrel-windows-ix86+x86_64 | 4.3.4 | 141.00 | 254.00 | 395.00 | OK |
Version: 4.3.4
Check: C++ specification
Result: NOTE
Specified C++11: please drop specification unless essential
Flavors: r-devel-linux-x86_64-debian-clang, r-devel-linux-x86_64-debian-gcc, r-devel-linux-x86_64-fedora-gcc, r-devel-windows-x86_64