CRAN Package Check Results for Package Claddis

Last updated on 2019-12-09 22:51:05 CET.

Flavor Version Tinstall Tcheck Ttotal Status Flags
r-devel-linux-x86_64-debian-clang 0.3.4 15.54 111.15 126.69 OK
r-devel-linux-x86_64-debian-gcc 0.3.4 11.69 84.56 96.25 OK
r-devel-linux-x86_64-fedora-clang 0.3.4 154.22 OK
r-devel-linux-x86_64-fedora-gcc 0.3.4 146.13 OK
r-devel-windows-ix86+x86_64 0.3.0 25.00 119.00 144.00 OK
r-devel-windows-ix86+x86_64-gcc8 0.3.4 29.00 125.00 154.00 OK
r-patched-linux-x86_64 0.3.4 12.55 98.31 110.86 OK
r-patched-solaris-x86 0.3.4 184.20 OK
r-release-linux-x86_64 0.3.4 13.26 98.71 111.97 OK
r-release-windows-ix86+x86_64 0.3.4 22.00 111.00 133.00 OK
r-release-osx-x86_64 0.3.4 NOTE
r-oldrel-windows-ix86+x86_64 0.3.4 17.00 108.00 125.00 OK
r-oldrel-osx-x86_64 0.3.4 NOTE

Check Details

Version: 0.3.4
Check: dependencies in R code
Result: NOTE
    No protocol specified
Flavors: r-release-osx-x86_64, r-oldrel-osx-x86_64