CRAN Package Check Results for Package Claddis

Last updated on 2019-08-22 22:46:51 CEST.

Flavor Version Tinstall Tcheck Ttotal Status Flags
r-devel-linux-x86_64-debian-clang 0.3.0 13.68 100.08 113.76 OK
r-devel-linux-x86_64-debian-gcc 0.3.0 11.64 77.81 89.45 OK
r-devel-linux-x86_64-fedora-clang 0.3.0 132.08 OK
r-devel-linux-x86_64-fedora-gcc 0.3.0 134.28 OK
r-devel-windows-ix86+x86_64 0.3.0 39.00 151.00 190.00 OK
r-patched-linux-x86_64 0.3.0 12.53 98.49 111.02 OK
r-patched-solaris-x86 0.3.0 194.90 OK
r-release-linux-x86_64 0.3.0 12.10 98.37 110.47 OK
r-release-windows-ix86+x86_64 0.3.0 33.00 159.00 192.00 OK
r-release-osx-x86_64 0.3.0 FAIL
r-oldrel-windows-ix86+x86_64 0.3.0 21.00 143.00 164.00 OK
r-oldrel-osx-x86_64 0.3.0 OK

Check Details

Version: 0.3.0
Check: dependencies in R code
Result: FAIL
    
Flavor: r-release-osx-x86_64