CRAN Package Check Results for Package ClassComparison

Last updated on 2024-07-20 21:56:00 CEST.

Flavor Version Tinstall Tcheck Ttotal Status Flags
r-devel-linux-x86_64-debian-clang 3.1.8 9.28 122.62 131.90 OK
r-devel-linux-x86_64-debian-gcc 3.1.8 6.38 83.56 89.94 OK
r-devel-linux-x86_64-fedora-clang 3.1.8 160.53 OK
r-devel-linux-x86_64-fedora-gcc 3.1.8 161.12 OK
r-devel-windows-x86_64 3.1.8 9.00 116.00 125.00 NOTE
r-patched-linux-x86_64 3.1.8 8.72 117.97 126.69 OK
r-release-linux-x86_64 3.1.8 6.58 113.40 119.98 OK
r-release-macos-arm64 3.1.8 54.00 OK
r-release-macos-x86_64 3.1.8 107.00 OK
r-release-windows-x86_64 3.1.8 7.00 115.00 122.00 OK
r-oldrel-macos-arm64 3.1.8 53.00 OK
r-oldrel-macos-x86_64 3.1.8 101.00 OK
r-oldrel-windows-x86_64 3.1.8 8.00 114.00 122.00 OK

Additional issues

M1mac

Check Details

Version: 3.1.8
Check: Rd cross-references
Result: NOTE Found the following Rd file(s) with Rd \link{} targets missing package anchors: cc01-0-MultiTtest-class.Rd: ExpressionSet-class, matrixT Please provide package anchors for all Rd \link{} targets not in the package itself and the base packages. Flavor: r-devel-windows-x86_64