Last updated on 2023-01-27 23:37:53 CET.
Flavor | Version | Tinstall | Tcheck | Ttotal | Status | Flags |
---|---|---|---|---|---|---|
r-devel-linux-x86_64-debian-clang | 2.1 | 2.79 | 36.09 | 38.88 | OK | |
r-devel-linux-x86_64-debian-gcc | 2.1 | 1.74 | 27.55 | 29.29 | OK | |
r-devel-linux-x86_64-fedora-clang | 2.1 | 51.43 | NOTE | |||
r-devel-linux-x86_64-fedora-gcc | 2.1 | 59.31 | NOTE | |||
r-devel-windows-x86_64 | 2.1 | 12.00 | 70.00 | 82.00 | OK | |
r-patched-linux-x86_64 | 2.1 | 2.00 | 36.26 | 38.26 | OK | |
r-release-linux-x86_64 | 2.1 | 2.58 | 36.72 | 39.30 | OK | |
r-release-macos-arm64 | 2.1 | 23.00 | NOTE | |||
r-release-macos-x86_64 | 2.1 | 33.00 | NOTE | |||
r-release-windows-x86_64 | 2.1 | 40.00 | 78.00 | 118.00 | OK | |
r-oldrel-macos-arm64 | 2.1 | 24.00 | NOTE | |||
r-oldrel-macos-x86_64 | 2.1 | 32.00 | NOTE | |||
r-oldrel-windows-ix86+x86_64 | 2.1 | 8.00 | 62.00 | 70.00 | OK |
Version: 2.1
Check: dependencies in R code
Result: NOTE
Namespaces in Imports field not imported from:
‘sp’ ‘spdep’
All declared Imports should be used.
Flavors: r-devel-linux-x86_64-fedora-clang, r-devel-linux-x86_64-fedora-gcc, r-release-macos-arm64, r-release-macos-x86_64, r-oldrel-macos-arm64, r-oldrel-macos-x86_64